{"id":936,"date":"2018-05-25T09:17:49","date_gmt":"2018-05-25T09:17:49","guid":{"rendered":"http:\/\/www.iberamia.org\/iberamia\/?page_id=936"},"modified":"2024-06-19T11:17:04","modified_gmt":"2024-06-19T11:17:04","slug":"politica-de-privacidad-y-cookies","status":"publish","type":"page","link":"https:\/\/www.iberamia.org\/iberamia\/politica-de-privacidad-y-cookies\/","title":{"rendered":"Pol\u00edtica de Privacidad y Cookies"},"content":{"rendered":"<p style=\"text-align: right;\"><a href=\"https:\/\/www.iberamia.org\/iberamia\/privacy-and-cookies-policy\/\"><strong><em>English<\/em><\/strong><\/a><\/p>\n<p>En relaci\u00f3n al Reglamento Europeo de Protecci\u00f3n de Datos (GDPR)-2018, IBERAMIA manifiesta respecto a la recopilaci\u00f3n, almacenamiento y uso de datos recogidos en sus portales iberamia.org, la siguiente<\/p>\n<p><strong>Pol\u00edtica de Privacidad y Cookies<\/strong><\/p>\n<p><strong>Responsable:<\/strong><\/p>\n<ul>\n<li>Denominaci\u00f3n: Sociedad Iberoamericana de Inteligencia Artificial (IBERAMIA).<\/li>\n<li>Domicilio Social: Dpto. de Sistemas Inform\u00e1ticos y Computaci\u00f3n, Universidad Polit\u00e9cnica de Valencia. Camino de Vera s\/n 46022 &#8211; Valencia (Espa\u00f1a)<\/li>\n<li>N\u00famero de insripci\u00f3n en el Registro Nacional de Asociaciones: Grupo:1, Secci\u00f3n: 1, N\u00famero Nacional: 592507<\/li>\n<li>CIF: G98245541<\/li>\n<li>Correo electr\u00f3nico: iberamia@iberamia.org<\/li>\n<li>Datos de contacto del responsable del tratamiento: Puede ponerse en contacto con el responsable en el correo electr\u00f3nico o direcci\u00f3n postal indicada<\/li>\n<li>Datos de la asociaci\u00f3n: <a href=\"https:\/\/www.iberamia.org\/iberamia\/wp-content\/uploads\/2015\/06\/EstatutosIBERAMIA.pdf\">Estatutos,<\/a> <a href=\"https:\/\/www.iberamia.org\/iberamia\/wp-content\/uploads\/2015\/06\/RegistroIberamia.jpg\">Registro<\/a>, <a href=\"https:\/\/www.iberamia.org\/iberamia\/informacion-institucional\/\">Fines<\/a>.<\/li>\n<\/ul>\n<p><strong>Finalidad, Legitimaci\u00f3n y Plazo<\/strong><\/p>\n<p>IBERAMIA trata la informaci\u00f3n que nos facilitan los usuarios a fin de poder autenticar su identidad y permitir el acceso a las p\u00e1ginas que lo requieran, poder registrarlos y facilitar la organizaci\u00f3n de las actividades de IBERAMIA a las que voluntariamente se inscriban (particulamente las Conferencias IBERAMIA y comit\u00e9s cient\u00edficos de la revista<a href=\"http:\/\/journal.iberamia.org\"> Inteligencia Artificial<\/a>), poder ofrecerles informaci\u00f3n general de las mismas y cumplir con los fines de la sociedad descritos en sus estatutos. Los datos solicitados por IBERAMIA son los m\u00ednimamente necesarios para los fines indicados y no se recopila informaci\u00f3n por ning\u00fan otro medio. IBERAMIA no utiliza los datos registrados para personalizar el env\u00edo de informaci\u00f3n, ni elabora o trata perfiles de los usuarios<\/p>\n<p>Los datos personales proporcionados se conservar\u00e1n mientras se mantenga la relaci\u00f3n entre IBERAMIA y el usuario. Asimismo, una vez finalizada la relaci\u00f3n, IBERAMIA conservar\u00e1 los datos personales del usuario hasta que se solicite la supresi\u00f3n por parte del interesado, en cuyo caso ser\u00e1n inmediatamente eliminados. \u00danicamente mantendremos la informaci\u00f3n cuando debamos dar cumplimiento a un mandato legal.<\/p>\n<p>IBERAMIA no cede la informaci\u00f3n proporcionada a ninguna otra entidad, salvo que sea requerido por mandato legal.<\/p>\n<p>IBERAMIA no utiliza cookies propias, \u00fanicamente las que puedan existir, de forma inherente, en las plataformas tecnol\u00f3gicas que utilice, particularmente <a href=\"https:\/\/wordpress.org\/\">WordPress<\/a> y <a href=\"https:\/\/pkp.sfu.ca\/ojs\/\">Open Journal System<\/a>.<\/p>\n<p>Los usuarios registrados pueden solicitar en las direcciones electr\u00f3nicas y postales indicadas la informaci\u00f3n que IBERAMIA dispone de los mismos.<\/p>\n<p>Las p\u00e1ginas IBERAMIA pueden contener enlaces a sitios web de terceros, cuyas pol\u00edticas de privacidad son ajenas a IBERAMIA. Al acceder a tales sitios web usted puede decidir si acepta sus pol\u00edticas de privacidad y de cookies. Con car\u00e1cter general, si navega por internet usted puede aceptar o rechazar las cookies de terceros desde las opciones de configuraci\u00f3n de su navegador.<\/p>\n<p>Con el acceso y registro voluntario de los usuarios en las p\u00e1ginas de IBERAMIA el usuario consiente que IBERAMIA recoja los datos que se indiquen con las finalidades y uso descrito en este documento, pudiendo revocar dicho consentimiento en cualquier momento.<\/p>\n<p><strong>Propiedad Intelectual<\/strong><\/p>\n<p>El Usuario reconoce y acepta que todos los derechos de propiedad industrial e intelectual sobre los Contenidos y\/o cualesquiera otros elementos insertados en los sitios web de IBERAMIA, pertenecen a IBERAMIA o a quien expl\u00edcitamente se indique. En ning\u00fan caso el acceso a los sitios web implica ning\u00fan tipo de renuncia, transmisi\u00f3n o cesi\u00f3n total ni parcial de dichos derechos.<\/p>\n<p>IBERAMIA autoriza a los Usuarios a utilizar, visualizar, imprimir, descargar y almacenar los Contenidos y\/o los elementos insertados en sus los sitios web exclusivamente para su uso personal y no lucrativo. Queda terminantemente prohibida la utilizaci\u00f3n de tales elementos, su reproducci\u00f3n, comunicaci\u00f3n y\/o distribuci\u00f3n con fines comerciales o lucrativos, as\u00ed como su modificaci\u00f3n, alteraci\u00f3n, o descompilaci\u00f3n. Para cualquier otro uso distinto de los expresamente permitidos, ser\u00e1 necesario obtener el consentimiento previo por escrito del titular de los derechos de que se trate.<\/p>\n<p><strong>Aspectos T\u00e9cnicos<\/strong><\/p>\n<p>IBERAMIA no ser\u00e1 responsable de posibles da\u00f1os y perjuicios, que se pudieran derivar de interferencias, omisiones, interrupciones, virus inform\u00e1ticos, aver\u00edas de los sistemas, medios y l\u00edneas de comunicaci\u00f3n, o desconexiones en el funcionamiento operativo del sistema inform\u00e1tico causados por deficiencias t\u00e9cnicas, sobrecargas de l\u00edneas, otros medios de interconexi\u00f3n a Internet o de los centros de procesos de datos del proveedor, en el sistema de Internet o en otros sistemas electr\u00f3nicos, as\u00ed como de los da\u00f1os o perjuicios que puedan ser causados por terceras personas mediante intromisiones ileg\u00edtimas fuera del control de IBERAMIA.<\/p>\n<p>En resumen, con la informaci\u00f3n anterior, damos respuesta a las siguientes cuestiones:<\/p>\n<ul>\n<li>\u00bfQui\u00e9n es el responsable de sus datos?: Sociedad Iberoamericana de Inteligencia Artificial (IBERAMIA).<\/li>\n<li>\u00bfPara qu\u00e9 vamos a usar sus datos?: Autenticar su identidad y permitir el acceso a las p\u00e1ginas que lo requieran, poder registrarlos y facilitar la organizaci\u00f3n de las actividades de IBERAMIA (particulamente las Conferencias IBERAMIA y comit\u00e9s cient\u00edficos de la revista<a href=\"http:\/\/journal.iberamia.org\"> Inteligencia Artificial<\/a>), poder ofrecerles informaci\u00f3n general de las mismas y cumplir con los fines de la sociedad descritos en sus estatutos.<\/li>\n<li>\u00bfA qui\u00e9n comunicaremos tus datos?: A nadie, salvo participantes propios de la asociaci\u00f3n para la mejor organizaci\u00f3n de sus actividades.<\/li>\n<li>\u00bfDe d\u00f3nde obtenemos tus datos?: Estrictamente de los que voluntariamente nos proporcione. No adquirimos datos por otrops medios ni elaboramos perfiles de usuarios<\/li>\n<li>\u00bfCu\u00e1les son tus derechos y c\u00f3mo puedes ejercitarlos?: Los contenidos en la legistlaci\u00f3n vigente. Particularmente,podr\u00e1 solicitar la supresi\u00f3n de sus datos, en cuyo caso ser\u00e1n inmediatamente eliminados<\/li>\n<li>\u00bfDurante cu\u00e1nto tiempo conservamos tus datos?: Hasta que solicite su supresi\u00f3n.<\/li>\n<\/ul>\n","protected":false},"excerpt":{"rendered":"<p>English En relaci\u00f3n al Reglamento Europeo de Protecci\u00f3n de Datos (GDPR)-2018, IBERAMIA manifiesta respecto a la recopilaci\u00f3n, almacenamiento y uso de datos recogidos en sus portales iberamia.org, la siguiente Pol\u00edtica de Privacidad y Cookies Responsable: Denominaci\u00f3n: Sociedad Iberoamericana de Inteligencia Artificial (IBERAMIA). Domicilio Social: Dpto. de Sistemas Inform\u00e1ticos y Computaci\u00f3n, Universidad Polit\u00e9cnica de Valencia. Camino de Vera s\/n 46022 &#8211; Valencia (Espa\u00f1a) N\u00famero de insripci\u00f3n en el Registro Nacional de&hellip; <\/p>\n","protected":false},"author":1,"featured_media":0,"parent":0,"menu_order":0,"comment_status":"closed","ping_status":"closed","template":"layouts\/page-fullwidth.php","meta":{"footnotes":""},"class_list":["post-936","page","type-page","status-publish","hentry"],"_links":{"self":[{"href":"https:\/\/www.iberamia.org\/iberamia\/wp-json\/wp\/v2\/pages\/936","targetHints":{"allow":["GET"]}}],"collection":[{"href":"https:\/\/www.iberamia.org\/iberamia\/wp-json\/wp\/v2\/pages"}],"about":[{"href":"https:\/\/www.iberamia.org\/iberamia\/wp-json\/wp\/v2\/types\/page"}],"author":[{"embeddable":true,"href":"https:\/\/www.iberamia.org\/iberamia\/wp-json\/wp\/v2\/users\/1"}],"replies":[{"embeddable":true,"href":"https:\/\/www.iberamia.org\/iberamia\/wp-json\/wp\/v2\/comments?post=936"}],"version-history":[{"count":1,"href":"https:\/\/www.iberamia.org\/iberamia\/wp-json\/wp\/v2\/pages\/936\/revisions"}],"predecessor-version":[{"id":2471,"href":"https:\/\/www.iberamia.org\/iberamia\/wp-json\/wp\/v2\/pages\/936\/revisions\/2471"}],"wp:attachment":[{"href":"https:\/\/www.iberamia.org\/iberamia\/wp-json\/wp\/v2\/media?parent=936"}],"curies":[{"name":"wp","href":"https:\/\/api.w.org\/{rel}","templated":true}]}}