{"id":362,"date":"2015-07-03T12:24:57","date_gmt":"2015-07-03T12:24:57","guid":{"rendered":"http:\/\/www.iberamia.org\/iberamia\/?page_id=362"},"modified":"2019-05-02T10:20:05","modified_gmt":"2019-05-02T10:20:05","slug":"call-for-papers","status":"publish","type":"page","link":"https:\/\/www.iberamia.org\/iberamia\/call-for-papers\/","title":{"rendered":"Call for Papers"},"content":{"rendered":"<h5><span style=\"color: #000000;\">Para publicar un nuevo CFP, puede enviarnos un mensaje a <\/span> <a href=\"http:\/\/iberamia@iberamia.org\">iberamia@iberamia.org<\/a> <span style=\"color: #000000;\">con los siguientes detalles:<\/span><\/h5>\n<ul>\n<li>Nombre del congreso, conferencia, etc.<\/li>\n<li>Direcci\u00f3n web.<\/li>\n<li>Correo electr\u00f3nico: Dato de control (no ser\u00e1 publicado).<\/li>\n<li>Texto con los detalles a incluir en la llamada.<\/li>\n<\/ul>\n<p><span class=\"tlid-translation translation\" lang=\"en\"><span class=\"\" title=\"\">To publish a new CFP, you can send us a message with the given details to: <a href=\"mailto:iberamia@iberamia.org\">iberamia@iberamia.org<\/a><\/span><\/span><\/p>\n<p><span class=\"tlid-translation translation\" lang=\"en\"><span class=\"\" title=\"\"><span class=\"tlid-translation translation\" lang=\"pt\">Para publicar um novo CFP, voc\u00ea pode nos enviar uma mensagem com os detalhes anteriores para<\/span>: <a href=\"mailto:iberamia@iberamia.org\">iberamia@iberamia.org<\/a><\/span><\/span><\/p>\n<h5 style=\"text-align: left;\"><span style=\"color: #800000;\">If you are a spammer, please do not waste time. Your comment will not be published.<\/span><\/h5>\n","protected":false},"excerpt":{"rendered":"<p>Para publicar un nuevo CFP, puede enviarnos un mensaje a iberamia@iberamia.org con los siguientes detalles: Nombre del congreso, conferencia, etc. Direcci\u00f3n web. Correo electr\u00f3nico: Dato de control (no ser\u00e1 publicado). Texto con los detalles a incluir en la llamada. To publish a new CFP, you can send us a message with the given details to: iberamia@iberamia.org Para publicar um novo CFP, voc\u00ea pode nos enviar uma mensagem com os detalhes&hellip; <\/p>\n","protected":false},"author":1,"featured_media":0,"parent":0,"menu_order":0,"comment_status":"closed","ping_status":"closed","template":"layouts\/page-fullwidth.php","meta":{"footnotes":""},"class_list":["post-362","page","type-page","status-publish","hentry"],"_links":{"self":[{"href":"https:\/\/www.iberamia.org\/iberamia\/wp-json\/wp\/v2\/pages\/362","targetHints":{"allow":["GET"]}}],"collection":[{"href":"https:\/\/www.iberamia.org\/iberamia\/wp-json\/wp\/v2\/pages"}],"about":[{"href":"https:\/\/www.iberamia.org\/iberamia\/wp-json\/wp\/v2\/types\/page"}],"author":[{"embeddable":true,"href":"https:\/\/www.iberamia.org\/iberamia\/wp-json\/wp\/v2\/users\/1"}],"replies":[{"embeddable":true,"href":"https:\/\/www.iberamia.org\/iberamia\/wp-json\/wp\/v2\/comments?post=362"}],"version-history":[{"count":1,"href":"https:\/\/www.iberamia.org\/iberamia\/wp-json\/wp\/v2\/pages\/362\/revisions"}],"predecessor-version":[{"id":2346,"href":"https:\/\/www.iberamia.org\/iberamia\/wp-json\/wp\/v2\/pages\/362\/revisions\/2346"}],"wp:attachment":[{"href":"https:\/\/www.iberamia.org\/iberamia\/wp-json\/wp\/v2\/media?parent=362"}],"curies":[{"name":"wp","href":"https:\/\/api.w.org\/{rel}","templated":true}]}}