{"id":2347,"date":"2024-02-05T09:42:13","date_gmt":"2024-02-05T09:42:13","guid":{"rendered":"https:\/\/www.iberamia.org\/iberamia\/?page_id=2347"},"modified":"2025-08-27T09:31:11","modified_gmt":"2025-08-27T09:31:11","slug":"sociedad-iberoamericana-de-inteligencia-artificial-iberamia-2","status":"publish","type":"page","link":"https:\/\/www.iberamia.org\/iberamia\/","title":{"rendered":"Sociedad Iberoamericana de Inteligencia Artificial (IBERAMIA)"},"content":{"rendered":"\n<div class=\"wp-block-columns is-not-stacked-on-mobile is-layout-flex wp-container-core-columns-is-layout-9d6595d7 wp-block-columns-is-layout-flex\">\n<div class=\"wp-block-column is-layout-flow wp-block-column-is-layout-flow\" style=\"flex-basis:80%\">\n<figure class=\"wp-block-image size-full is-resized\"><img loading=\"lazy\" decoding=\"async\" width=\"604\" height=\"88\" src=\"https:\/\/www.iberamia.org\/iberamia\/wp-content\/uploads\/2024\/02\/image-2.png\" alt=\"\" class=\"wp-image-2395\" style=\"width:618px;height:auto\" srcset=\"https:\/\/www.iberamia.org\/iberamia\/wp-content\/uploads\/2024\/02\/image-2.png 604w, https:\/\/www.iberamia.org\/iberamia\/wp-content\/uploads\/2024\/02\/image-2-300x44.png 300w\" sizes=\"auto, (max-width: 604px) 100vw, 604px\" \/><\/figure>\n\n\n\n<hr class=\"wp-block-separator has-text-color has-cyan-bluish-gray-color has-alpha-channel-opacity has-cyan-bluish-gray-background-color has-background is-style-wide\"\/>\n<\/div>\n\n\n\n<div class=\"wp-block-column is-layout-flow wp-block-column-is-layout-flow\" style=\"flex-basis:10%\"><div class=\"wp-block-image\">\n<figure class=\"alignright size-thumbnail is-resized\"><a href=\"https:\/\/www.iberamia.org\/iberamia\/\"><img loading=\"lazy\" decoding=\"async\" width=\"150\" height=\"150\" src=\"https:\/\/www.iberamia.org\/iberamia\/wp-content\/uploads\/2023\/02\/image-150x150.png\" alt=\"\" class=\"wp-image-2014\" style=\"width:30px;height:auto\"\/><\/a><\/figure>\n<\/div>\n\n<div class=\"wp-block-image\">\n<figure class=\"alignright size-full is-resized\"><a href=\"https:\/\/translate.google.com\/website?sl=auto&amp;tl=en&amp;client=webapp&amp;u=https:\/\/www.iberamia.org\/\"><img loading=\"lazy\" decoding=\"async\" width=\"90\" height=\"90\" src=\"https:\/\/www.iberamia.org\/iberamia\/wp-content\/uploads\/2016\/04\/ingles.jpg\" alt=\"\" class=\"wp-image-595\" style=\"width:32px;height:auto\"\/><\/a><\/figure>\n<\/div>\n\n<div class=\"wp-block-image\">\n<figure class=\"alignright size-full is-resized\"><a href=\"https:\/\/translate.google.com\/website?sl=auto&amp;tl=pt&amp;client=webapp&amp;u=https:\/\/www.iberamia.org\/\"><img loading=\"lazy\" decoding=\"async\" width=\"151\" height=\"100\" src=\"https:\/\/www.iberamia.org\/iberamia\/wp-content\/uploads\/2016\/04\/portugues.jpg\" alt=\"\" class=\"wp-image-615\" style=\"width:30px;height:auto\" srcset=\"https:\/\/www.iberamia.org\/iberamia\/wp-content\/uploads\/2016\/04\/portugues.jpg 151w, https:\/\/www.iberamia.org\/iberamia\/wp-content\/uploads\/2016\/04\/portugues-150x100.jpg 150w\" sizes=\"auto, (max-width: 151px) 100vw, 151px\" \/><\/a><\/figure>\n<\/div><\/div>\n<\/div>\n\n\n\n<p class=\"has-text-align-center has-small-font-size\">Asociaci\u00f3n <a href=\"https:\/\/sede.mir.gob.es\/nfrontal\/webasocia2\/asoDenominacionNacDetalle.html?cod_seccion=1&amp;num_nacional=592507&amp;cod_denominacion=6896021&amp;tipoBusqueda=F Registro Nacional de Asociaciones\">legalmente constituida<\/a> y sin \u00e1nimo de lucro, con el objetivo de promover las actividades cient\u00edficas y tecnol\u00f3gicas relacionadas con la Inteligencia Artificial en los pa\u00edses Iberoamericanos.<\/p>\n\n\n\n<hr class=\"wp-block-separator has-text-color has-black-color has-alpha-channel-opacity has-black-background-color has-background is-style-wide\"\/>\n\n\n\n<div class=\"wp-block-columns is-not-stacked-on-mobile is-layout-flex wp-container-core-columns-is-layout-9d6595d7 wp-block-columns-is-layout-flex\">\n<div class=\"wp-block-column is-vertically-aligned-center has-background is-layout-flow wp-block-column-is-layout-flow\" style=\"background-color:#e5eeee;flex-basis:33.33%\">\n<div class=\"wp-block-group is-vertical is-content-justification-stretch is-layout-flex wp-container-core-group-is-layout-b16ad781 wp-block-group-is-layout-flex\"><div class=\"wp-block-image\">\n<figure class=\"aligncenter size-full is-resized\"><a href=\"https:\/\/journal.iberamia.org\/\"><img loading=\"lazy\" decoding=\"async\" width=\"192\" height=\"183\" src=\"https:\/\/www.iberamia.org\/iberamia\/wp-content\/uploads\/2015\/05\/journal.jpg\" alt=\"\" class=\"wp-image-351\" style=\"width:61px;height:auto\"\/><\/a><\/figure>\n<\/div>\n\n\n<p class=\"has-text-align-center has-medium-font-size\"><a href=\"https:\/\/journal.iberamia.org\/\" target=\"_blank\" rel=\"noreferrer noopener\"><strong>Inteligencia Artificial<\/strong><\/a><\/p>\n<\/div>\n<\/div>\n\n\n\n<div class=\"wp-block-column is-vertically-aligned-center is-layout-flow wp-block-column-is-layout-flow\" style=\"flex-basis:66.66%\">\n<div class=\"wp-block-group is-vertical is-content-justification-center is-layout-flex wp-container-core-group-is-layout-4b2eccd6 wp-block-group-is-layout-flex\">\n<p class=\"has-text-align-center has-text-color has-link-color wp-elements-c7ad485cf7258fbbbbafc6bfb6dbb2d7\" style=\"color:#4f0101;font-size:22px\"><a href=\"https:\/\/journal.iberamia.org\/\" target=\"_blank\" rel=\"noreferrer noopener\"><strong>Inteligencia Artificial<\/strong><\/a><\/p>\n\n\n\n<p class=\"has-text-align-center has-text-color has-link-color wp-elements-42f3c0e6a306ca919f56fafecad0f7e5\" style=\"color:#4f0101;font-size:16px\"><strong>Ibero-American Journal of Artificial Intelligence<\/strong><br><strong><em>On-line &amp; Open access<\/em><\/strong>. <em><strong>ISSN <a href=\"https:\/\/portal.issn.org\/resource\/ISSN\/1988-3064\">1988-3064<\/a><\/strong><\/em><\/p>\n\n\n\n<p class=\"has-text-align-center\" style=\"font-size:16px\"><strong><em>Indexada en<\/em><\/strong><em>: <a href=\"https:\/\/www.scopus.com\/sourceid\/24258?origin=resultslist\">Scopus<\/a>, <a href=\"https:\/\/mjl.clarivate.com\/search-results?issn=1137-3601\">Web of Science<\/a> &amp; <a href=\"https:\/\/doaj.org\/toc\/1988-3064\">DOAJ<\/a>.<\/em><\/p>\n<\/div>\n<\/div>\n<\/div>\n\n\n\n<hr class=\"wp-block-separator has-text-color has-black-color has-alpha-channel-opacity has-black-background-color has-background is-style-wide\"\/>\n\n\n\n<div class=\"wp-block-columns is-not-stacked-on-mobile is-layout-flex wp-container-core-columns-is-layout-9d6595d7 wp-block-columns-is-layout-flex\">\n<div class=\"wp-block-column is-vertically-aligned-center has-background is-layout-flow wp-block-column-is-layout-flow\" style=\"background-color:#e5eeee;flex-basis:33.33%\"><div class=\"wp-block-image is-style-default\">\n<figure class=\"aligncenter size-full is-resized\"><a href=\"https:\/\/www.iberamia.org\/iberamia\/iberamia2026\/\"><img loading=\"lazy\" decoding=\"async\" width=\"184\" height=\"150\" src=\"https:\/\/www.iberamia.org\/iberamia\/wp-content\/uploads\/2025\/06\/image.png\" alt=\"\" class=\"wp-image-2594\" style=\"width:143px;height:auto\"\/><\/a><figcaption class=\"wp-element-caption\"><a href=\"https:\/\/iberamia2026.iberamia.org\/\"><strong>IBERAMIA&#8217;2026<\/strong><\/a><\/figcaption><\/figure>\n<\/div>\n\n\n<p class=\"has-text-align-center\"><strong><strong>Ibero-American Conferences on Artificial Intelligence<\/strong><\/strong><\/p>\n<\/div>\n\n\n\n<div class=\"wp-block-column is-vertically-aligned-center is-layout-flow wp-block-column-is-layout-flow\" style=\"flex-basis:66.66%\">\n<p class=\"has-text-align-center has-text-color has-link-color wp-elements-38de50671cef3e26ed9226f85542fcea\" style=\"color:#4f0101;font-size:24px\"><a href=\"https:\/\/www.iberamia.org\/iberamia\/iberamia2026\/\"><strong>IBERAMIA\u20192026<\/strong><\/a><\/p>\n\n\n\n<p class=\"has-text-align-center\"><b>18 \u2013 20th, November 2026<br>Asunci\u00f3n, Paraguay<\/b><\/p>\n\n\n\n<p class=\"has-text-align-center\">Pre-event: <a href=\"https:\/\/iberamiachannel.iberamia.org\/\"><strong>IBERAMIACHANNEL<\/strong><\/a><\/p>\n<\/div>\n<\/div>\n\n\n\n<hr class=\"wp-block-separator has-text-color has-black-color has-alpha-channel-opacity has-black-background-color has-background is-style-wide\"\/>\n\n\n\n<div class=\"wp-block-columns is-not-stacked-on-mobile is-layout-flex wp-container-core-columns-is-layout-9d6595d7 wp-block-columns-is-layout-flex\">\n<div class=\"wp-block-column has-background is-layout-flow wp-block-column-is-layout-flow\" style=\"background-color:#e5eeee;flex-basis:33.33%\">\n<div class=\"wp-block-group is-vertical is-content-justification-center is-layout-flex wp-container-core-group-is-layout-73a99bce wp-block-group-is-layout-flex\">\n<div class=\"wp-block-group is-vertical is-layout-flex wp-container-core-group-is-layout-8cf370e7 wp-block-group-is-layout-flex\">\n<div class=\"wp-block-group is-vertical is-content-justification-center is-layout-flex wp-container-core-group-is-layout-4b2eccd6 wp-block-group-is-layout-flex\">\n<figure class=\"wp-block-image size-full is-resized\"><a href=\"https:\/\/inteletica.iberamia.org\/\"><img loading=\"lazy\" decoding=\"async\" width=\"452\" height=\"468\" src=\"https:\/\/www.iberamia.org\/iberamia\/wp-content\/uploads\/2024\/04\/Dibujo1.png\" alt=\"\" class=\"wp-image-2452\" style=\"width:75px;height:auto\" srcset=\"https:\/\/www.iberamia.org\/iberamia\/wp-content\/uploads\/2024\/04\/Dibujo1.png 452w, https:\/\/www.iberamia.org\/iberamia\/wp-content\/uploads\/2024\/04\/Dibujo1-290x300.png 290w\" sizes=\"auto, (max-width: 452px) 100vw, 452px\" \/><\/a><\/figure>\n\n\n\n<p class=\"has-text-align-right has-medium-font-size\"><a href=\"https:\/\/inteletica.iberamia.org\/\"><strong>INTEL\u00c9TICA<\/strong><\/a><\/p>\n<\/div>\n<\/div>\n<\/div>\n<\/div>\n\n\n\n<div class=\"wp-block-column is-layout-flow wp-block-column-is-layout-flow\" style=\"flex-basis:66.66%\">\n<div class=\"wp-block-group is-vertical is-content-justification-center is-layout-flex wp-container-core-group-is-layout-4b2eccd6 wp-block-group-is-layout-flex\">\n<p class=\"has-text-align-center has-text-color has-link-color wp-elements-fa298dc2472931481f5fa522213fa929\" style=\"color:#772020;font-size:22px\"><strong><a href=\"https:\/\/inteletica.iberamia.org\/\">INTEL\u00c9TICA<\/a><\/strong><\/p>\n\n\n\n<p><\/p>\n\n\n\n<p class=\"has-text-align-center has-text-color has-link-color wp-elements-c786543da72484e5fe4648fd9d220d40\" style=\"color:#4f0101;font-size:16px\"><strong>Revista de Inteligencia Artificial, \u00c9tica y Sociedad<\/strong><\/p>\n\n\n\n<p class=\"has-text-align-center has-text-color has-link-color wp-elements-c8dba263498075945fce1fedd0ea1d16\" style=\"color:#4f0101;font-size:16px\"><strong><em>On-line &amp; Open access<\/em><\/strong>. <strong><em>ISSN <a href=\"https:\/\/portal.issn.org\/resource\/ISSN\/3020-7444\">3020-7444<\/a><\/em><\/strong><\/p>\n<\/div>\n<\/div>\n<\/div>\n\n\n\n<hr class=\"wp-block-separator has-text-color has-black-color has-alpha-channel-opacity has-black-background-color has-background is-style-wide\"\/>\n\n\n\n<div class=\"wp-block-columns is-not-stacked-on-mobile is-layout-flex wp-container-core-columns-is-layout-9d6595d7 wp-block-columns-is-layout-flex\">\n<div class=\"wp-block-column is-vertically-aligned-center has-background is-layout-flow wp-block-column-is-layout-flow\" style=\"background-color:#e5eeee;flex-basis:33.33%\">\n<div class=\"wp-block-group is-vertical is-content-justification-center is-layout-flex wp-container-core-group-is-layout-4b2eccd6 wp-block-group-is-layout-flex\"><div class=\"wp-block-image\">\n<figure class=\"aligncenter size-full is-resized\"><a href=\"https:\/\/www.iberamia.org\/iberamia\/simdia\/\"><img loading=\"lazy\" decoding=\"async\" width=\"564\" height=\"311\" src=\"https:\/\/www.iberamia.org\/iberamia\/wp-content\/uploads\/2024\/02\/image-1.png\" alt=\"\" class=\"wp-image-2388\" style=\"width:152px;height:auto\" srcset=\"https:\/\/www.iberamia.org\/iberamia\/wp-content\/uploads\/2024\/02\/image-1.png 564w, https:\/\/www.iberamia.org\/iberamia\/wp-content\/uploads\/2024\/02\/image-1-300x165.png 300w\" sizes=\"auto, (max-width: 564px) 100vw, 564px\" \/><\/a><\/figure>\n<\/div>\n\n\n<p class=\"has-text-align-center has-medium-font-size\"><strong><a href=\"http:\/\/simdia.iberamia.org\" data-type=\"link\" data-id=\"simdia.iberamia.org\">SIMDIA<\/a><\/strong><\/p>\n<\/div>\n<\/div>\n\n\n\n<div class=\"wp-block-column is-layout-flow wp-block-column-is-layout-flow\" style=\"flex-basis:66.66%\">\n<div class=\"wp-block-group\"><div class=\"wp-block-group__inner-container is-layout-constrained wp-block-group-is-layout-constrained\">\n<div class=\"wp-block-group is-vertical is-content-justification-center is-layout-flex wp-container-core-group-is-layout-4b2eccd6 wp-block-group-is-layout-flex\">\n<p class=\"has-text-align-center\" style=\"font-size:22px\"><strong><a href=\"https:\/\/www.iberamia.org\/iberamia\/simdia\/\">SIMDIA<\/a><\/strong><\/p>\n\n\n\n<p class=\"has-text-align-center has-text-color has-link-color wp-elements-658ba980f56e301fc063d00981dbdc3d\" style=\"color:#4f0101;font-size:16px\"><strong>Ibero-American Symposiums of Master and Doctorate in Artificial Intelligence<\/strong><\/p>\n\n\n\n<p class=\"has-text-align-center\"><a href=\"https:\/\/www.iberamia.org\/iberamia\/simdia\/simdia2025\/\"><strong>SIMDIA\u20192025. Third Ibero-American Symposium of Master and Doctorate in Artificial Intelligence<\/strong><\/a><\/p>\n<\/div>\n<\/div><\/div>\n<\/div>\n<\/div>\n\n\n\n<hr class=\"wp-block-separator has-text-color has-black-color has-alpha-channel-opacity has-black-background-color has-background is-style-wide\"\/>\n\n\n\n<div class=\"wp-block-columns is-not-stacked-on-mobile is-layout-flex wp-container-core-columns-is-layout-9d6595d7 wp-block-columns-is-layout-flex\">\n<div class=\"wp-block-column is-vertically-aligned-center has-background is-layout-flow wp-block-column-is-layout-flow\" style=\"background-color:#e5eeee;flex-basis:33.33%\">\n<div class=\"wp-block-group is-vertical is-content-justification-center is-layout-flex wp-container-core-group-is-layout-73a99bce wp-block-group-is-layout-flex\"><div class=\"wp-block-image is-resized\">\n<figure class=\"aligncenter size-large\"><a href=\"https:\/\/iberamiachannel.iberamia.org\/\"><img loading=\"lazy\" decoding=\"async\" width=\"1024\" height=\"268\" src=\"https:\/\/www.iberamia.org\/iberamia\/wp-content\/uploads\/2023\/02\/ibchannel3-1024x268.png\" alt=\"\" class=\"wp-image-2092\" style=\"width:229px;height:auto\" srcset=\"https:\/\/www.iberamia.org\/iberamia\/wp-content\/uploads\/2023\/02\/ibchannel3-1024x268.png 1024w, https:\/\/www.iberamia.org\/iberamia\/wp-content\/uploads\/2023\/02\/ibchannel3-300x79.png 300w, https:\/\/www.iberamia.org\/iberamia\/wp-content\/uploads\/2023\/02\/ibchannel3-768x201.png 768w, https:\/\/www.iberamia.org\/iberamia\/wp-content\/uploads\/2023\/02\/ibchannel3.png 1324w\" sizes=\"auto, (max-width: 1024px) 100vw, 1024px\" \/><\/a><\/figure>\n<\/div>\n\n\n<p class=\"has-text-align-center has-medium-font-size\"><strong><a href=\"https:\/\/iberamiachannel.iberamia.org\/\">IBERAMIA Channel<\/a><\/strong><\/p>\n<\/div>\n<\/div>\n\n\n\n<div class=\"wp-block-column is-layout-flow wp-block-column-is-layout-flow\" style=\"flex-basis:66.66%\">\n<div class=\"wp-block-group is-vertical is-content-justification-center is-layout-flex wp-container-core-group-is-layout-4b2eccd6 wp-block-group-is-layout-flex\">\n<p class=\"has-text-align-center has-text-color has-link-color wp-elements-591ba14752c6d8c2785bbd995b266d5a\" style=\"color:#772020;font-size:22px\"><strong><a href=\"https:\/\/iberamiachannel.iberamia.org\/\">IBERAMIA Channel<\/a><\/strong><\/p>\n\n\n\n<p class=\"has-text-align-center has-text-color has-link-color wp-elements-6876f379551282eb9463953f96975f4a\" style=\"color:#772020;font-size:14px\"><strong>Open Access streaming channel, where IBERAMIA broadcasts expert conferences related to the entire field of A.I.<\/strong><\/p>\n\n\n\n<p class=\"has-text-align-center\" style=\"font-size:12px\"><strong><em>Presentations stream live and remain recorded&nbsp;on our&nbsp;<a href=\"https:\/\/www.youtube.com\/@iberamiachannel2860\/streams\">youtube channel<\/a><\/em><\/strong><\/p>\n<\/div>\n<\/div>\n<\/div>\n\n\n\n<hr class=\"wp-block-separator has-text-color has-black-color has-alpha-channel-opacity has-black-background-color has-background is-style-wide\"\/>\n\n\n\n<p class=\"has-text-align-left\"><span style=\"color: #000000;\">IBERAMIA re\u00fane a las diversas asociaciones iberoamericanas de Inteligencia Artificial, fortaleciendo v\u00ednculos comunes, promoviendo actividades y proyectos relacionados con la docencia, investigaci\u00f3n, transferencia e innovaci\u00f3n tecnol\u00f3gica. <\/span><\/p>\n\n\n\n<div class=\"wp-block-columns is-layout-flex wp-container-core-columns-is-layout-9d6595d7 wp-block-columns-is-layout-flex\">\n<div class=\"wp-block-column is-layout-flow wp-block-column-is-layout-flow\">\n<p><span style=\"color: #000000;\">IBERAMIA is supported by the following Ibero-American societies of AI:<\/span><\/p>\n<\/div>\n<\/div>\n\n\n\n<figure class=\"wp-block-table\"><table><tbody><tr><td><a href=\"https:\/\/www.sbc.org.br\/\"><img loading=\"lazy\" decoding=\"async\" width=\"120\" height=\"92\" class=\"wp-image-449\" style=\"width: 120px;\" src=\"https:\/\/www.iberamia.org\/iberamia\/wp-content\/uploads\/2015\/07\/sbc.gif\" alt=\"\"><\/a><\/td><td><a href=\"https:\/\/www.aepia.org\/\"><img decoding=\"async\" class=\"wp-image-450\" style=\"width: 120px;\" src=\"https:\/\/www.iberamia.org\/iberamia\/wp-content\/uploads\/2015\/07\/aepia.png\" alt=\"\"><\/a><\/td><td><a href=\"https:\/\/www.appia.pt\/\"><img loading=\"lazy\" decoding=\"async\" width=\"120\" height=\"92\" class=\"wp-image-451\" style=\"width: 120px;\" src=\"https:\/\/www.iberamia.org\/iberamia\/wp-content\/uploads\/2015\/07\/appia.gif\" alt=\"\"><\/a><\/td><td><a href=\"https:\/\/smia.mx\/\"><img loading=\"lazy\" decoding=\"async\" width=\"120\" height=\"92\" class=\"wp-image-452\" style=\"width: 120px;\" src=\"https:\/\/www.iberamia.org\/iberamia\/wp-content\/uploads\/2015\/07\/smia.gif\" alt=\"\"><\/a><\/td><td><a href=\"https:\/\/www.sco2.org\/\"><img loading=\"lazy\" decoding=\"async\" width=\"120\" height=\"85\" class=\"wp-image-453\" style=\"width: 120px;\" src=\"https:\/\/www.iberamia.org\/iberamia\/wp-content\/uploads\/2015\/07\/colombia.jpg\" alt=\"\"><\/a><\/td><\/tr><tr><td><a href=\"https:\/\/spia.org.pe\/spia\/\"><img loading=\"lazy\" decoding=\"async\" width=\"120\" height=\"75\" class=\"wp-image-949\" style=\"width: 120px;\" src=\"https:\/\/www.iberamia.org\/iberamia\/wp-content\/uploads\/2018\/08\/spia-logo.jpg\" alt=\"\"><\/a><\/td><td><a href=\"https:\/\/scmc.uclv.edu.cu\/\"><img loading=\"lazy\" decoding=\"async\" width=\"120\" height=\"170\" class=\"wp-image-455\" style=\"width: 120px;\" src=\"https:\/\/www.iberamia.org\/iberamia\/wp-content\/uploads\/2015\/07\/cuba.jpg\" alt=\"\"><\/a><\/td><td><a href=\"https:\/\/www.sadio.org.ar\/\"><img loading=\"lazy\" decoding=\"async\" width=\"120\" height=\"48\" class=\"wp-image-456\" style=\"width: 120px;\" src=\"https:\/\/www.iberamia.org\/iberamia\/wp-content\/uploads\/2015\/07\/AAIA.png\" alt=\"\"><\/a><\/td><td><\/td><td><\/td><\/tr><\/tbody><\/table><\/figure>\n","protected":false},"excerpt":{"rendered":"<p>Asociaci\u00f3n legalmente constituida y sin \u00e1nimo de lucro, con el objetivo de promover las actividades cient\u00edficas y tecnol\u00f3gicas relacionadas con la Inteligencia Artificial en los pa\u00edses Iberoamericanos. Inteligencia Artificial Inteligencia Artificial Ibero-American Journal of Artificial IntelligenceOn-line &amp; Open access. ISSN 1988-3064 Indexada en: Scopus, Web of Science &amp; DOAJ. Ibero-American Conferences on Artificial Intelligence IBERAMIA\u20192026 18 \u2013 20th, November 2026Asunci\u00f3n, Paraguay Pre-event: IBERAMIACHANNEL INTEL\u00c9TICA INTEL\u00c9TICA Revista de Inteligencia Artificial, \u00c9tica&hellip; <\/p>\n","protected":false},"author":1,"featured_media":0,"parent":0,"menu_order":0,"comment_status":"closed","ping_status":"closed","template":"","meta":{"footnotes":""},"class_list":["post-2347","page","type-page","status-publish","hentry"],"_links":{"self":[{"href":"https:\/\/www.iberamia.org\/iberamia\/wp-json\/wp\/v2\/pages\/2347","targetHints":{"allow":["GET"]}}],"collection":[{"href":"https:\/\/www.iberamia.org\/iberamia\/wp-json\/wp\/v2\/pages"}],"about":[{"href":"https:\/\/www.iberamia.org\/iberamia\/wp-json\/wp\/v2\/types\/page"}],"author":[{"embeddable":true,"href":"https:\/\/www.iberamia.org\/iberamia\/wp-json\/wp\/v2\/users\/1"}],"replies":[{"embeddable":true,"href":"https:\/\/www.iberamia.org\/iberamia\/wp-json\/wp\/v2\/comments?post=2347"}],"version-history":[{"count":70,"href":"https:\/\/www.iberamia.org\/iberamia\/wp-json\/wp\/v2\/pages\/2347\/revisions"}],"predecessor-version":[{"id":2602,"href":"https:\/\/www.iberamia.org\/iberamia\/wp-json\/wp\/v2\/pages\/2347\/revisions\/2602"}],"wp:attachment":[{"href":"https:\/\/www.iberamia.org\/iberamia\/wp-json\/wp\/v2\/media?parent=2347"}],"curies":[{"name":"wp","href":"https:\/\/api.w.org\/{rel}","templated":true}]}}