{"id":221,"date":"2025-11-14T12:25:29","date_gmt":"2025-11-14T11:25:29","guid":{"rendered":"https:\/\/www.iberamia.org\/iberamia\/iberamia2026\/?page_id=221"},"modified":"2026-02-26T10:43:35","modified_gmt":"2026-02-26T09:43:35","slug":"call-for-papers","status":"publish","type":"page","link":"https:\/\/www.iberamia.org\/iberamia\/iberamia2026\/call-for-papers\/","title":{"rendered":"Call for Papers"},"content":{"rendered":"\n<p style=\"font-size:20px\"><strong>Iberamia\u20192026, 19th Ibero-American Conference on Artificial Intelligence<\/strong><\/p>\n\n\n\n<div class=\"wp-block-columns is-layout-flex wp-container-core-columns-is-layout-9d6595d7 wp-block-columns-is-layout-flex\">\n<div class=\"wp-block-column is-layout-flow wp-block-column-is-layout-flow\" style=\"flex-basis:70%\">\n<p class=\"has-medium-font-size\"><strong>Asunci\u00f3n , Paraguay. November 18-20th, 2026<\/strong><\/p>\n<\/div>\n\n\n\n<div class=\"wp-block-column is-layout-flow wp-block-column-is-layout-flow\" style=\"flex-basis:20%\">\n<p style=\"font-size:18px\"><strong><em><a href=\"http:\/\/www.iberamia.org\/iberamia\/iberamia2026\/wp-content\/uploads\/sites\/19\/2026\/02\/Call-for-Papers-IBERAMIA26.pdf\">Call For Papers (PDF)<\/a><\/em><\/strong><\/p>\n<\/div>\n<\/div>\n\n\n\n<p>Iberamia\u20192026, the&nbsp;<strong><em>19th Ibero-American Conference on Artificial Intelligence<\/em><\/strong>, will be held in&nbsp;<strong><em>Asunci\u00f3n<\/em><\/strong>(Paraguay) on<strong><em>&nbsp;November 18-20th, 2026<\/em><\/strong>, organized by the Universidad Nacional de Asunci\u00f3n, and the Universidad Cat\u00f3lica de Asunci\u00f3n, with the support of the Universidad Comunera and the Sociedad Paraguaya de Inteligencia Artificial.<\/p>\n\n\n\n<p>IBERAMIA\u20192026 is the <em>19th edition of the Ibero-American Conference on Artificial Intelligence<\/em>, a leading symposium where the Ibero-American AI community comes together to share research results and experiences with researchers in Artificial Intelligence from all over the world. The main technical program will consist of invited talks by leading scientists in the area, presentations of technical papers, orally and as posters, as well as system demonstrations. Satellite events organized and occurring together with IBERAMIA\u201926 include a Doctoral and Master Consortium (<a href=\"https:\/\/www.iberamia.org\/iberamia\/simdia\/\">SIMDIA<\/a>), workshops and tutorials. Paving the way to these events a pre-conference program will take place distributed through time up to November 2026, consisting on a series of open online seminars on <a href=\"https:\/\/iberamiachannel.iberamia.org\/\">IberamiaChannel<\/a>.<\/p>\n\n\n\n<p><strong>Submission Topics<\/strong><\/p>\n\n\n\n<p>IBERAMIA 2026 welcomes submissions on all AI topics, as well as cross cutting work in related areas. We encourage submissions of research that reaches across technical areas or addresses integrated capabilities, as well as application of AI techniques for social good, such as sustainability, health care, education, transportation, industry, security, manufacturing and commerce.<\/p>\n\n\n\n<p>Main topics may include but are not limited to the following:<\/p>\n\n\n\n<div class=\"wp-block-columns is-layout-flex wp-container-core-columns-is-layout-9d6595d7 wp-block-columns-is-layout-flex\">\n<div class=\"wp-block-column is-layout-flow wp-block-column-is-layout-flow\" style=\"font-size:14px\">\n<p><strong>Core Artificial Intelligence<\/strong> <\/p>\n\n\n\n<ul class=\"wp-block-list\">\n<li>Knowledge Representation and Reasoning<\/li>\n\n\n\n<li>Planning, Scheduling, Heuristics, and Metaheuristics<\/li>\n\n\n\n<li>Argumentation, Logic, and Automated Reasoning<\/li>\n\n\n\n<li>General AI and Cognitive Systems <\/li>\n<\/ul>\n\n\n\n<p><strong>Agents, Robotics, and Intelligent Environments<\/strong><\/p>\n\n\n\n<ul class=\"wp-block-list\">\n<li>Agent Technology and Multi-Agent Systems<\/li>\n\n\n\n<li>Distributed Intelligence and Collective Decision-Making<\/li>\n\n\n\n<li>Ambient Intelligence and the Intelligence of Things<\/li>\n\n\n\n<li>Robotics, Perception, and Computer Vision<\/li>\n\n\n\n<li>Game Theory, Simulation, and Interactive Entertainment <\/li>\n<\/ul>\n\n\n\n<p><strong>Learning, Data, and Generative Models<\/strong> <\/p>\n\n\n\n<ul class=\"wp-block-list\">\n<li>Machine Learning and Deep Learning<\/li>\n\n\n\n<li>Big Data Analytics and Data Mining<\/li>\n\n\n\n<li>Pattern Recognition<\/li>\n\n\n\n<li>Generative AI  and  Large Language Models (LLMs)<\/li>\n\n\n\n<li>Bio-inspired and Evolutionary Computation<\/li>\n\n\n\n<li>Computational Intelligence and Soft Computing<\/li>\n<\/ul>\n<\/div>\n\n\n\n<div class=\"wp-block-column is-layout-flow wp-block-column-is-layout-flow\" style=\"font-size:14px\">\n<p><strong>Language, Communication, and Interaction<\/strong> <\/p>\n\n\n\n<ul class=\"wp-block-list\">\n<li>Natural Language Processing and Conversational AI<\/li>\n\n\n\n<li>Prompt Engineering and Large Language Models (LLMs)<\/li>\n\n\n\n<li>Affective Computing and Human\u2013Computer Interaction<\/li>\n\n\n\n<li>Recommender Systems and AI on the Web<\/li>\n\n\n\n<li>Intelligent Tutoring Systems and AI in Education <\/li>\n<\/ul>\n\n\n\n<p><strong>AI for Society, Ethics, and Sustainability<\/strong> <\/p>\n\n\n\n<ul class=\"wp-block-list\">\n<li>AI for Social Good and Public Policy<\/li>\n\n\n\n<li>Trustworthy, Explainable, and Responsible AI<\/li>\n\n\n\n<li>Social and Economic Impact of AI<\/li>\n\n\n\n<li>Green and Sustainable Artificial Intelligence<\/li>\n\n\n\n<li>Ethical, Legal, and Human-Centered Aspects of AI <\/li>\n<\/ul>\n\n\n\n<p><strong>Applied AI and Technology Transfer<\/strong> <\/p>\n\n\n\n<ul class=\"wp-block-list\">\n<li>Industrial and Real-World AI Applications<\/li>\n\n\n\n<li>AI in Healthcare, Smart Cities, and Mobility<\/li>\n\n\n\n<li>Decision Support and Predictive Analytics<\/li>\n\n\n\n<li>AI Systems Engineering and Deployment &nbsp;<\/li>\n<\/ul>\n<\/div>\n<\/div>\n\n\n\n<p><strong>Paper<\/strong><strong> <\/strong><strong>Submission<\/strong><strong> <\/strong><strong>Guidelines<\/strong><\/p>\n\n\n\n<ul class=\"wp-block-list\">\n<li>Papers must be written in English, in the Springer LNCS format (<a href=\"https:\/\/www.springer.com\/gp\/computer-science\/lncs\/conference-proceedings-guidelines\">https:\/\/www.springer.com\/gp\/computer-science\/lncs\/conference-proceedings-guidelines<\/a>), and must not exceed 12 pages, including all tables, figures, and references. Submissions over twelve pages will be rejected without review.<\/li>\n<\/ul>\n\n\n\n<p><\/p>\n\n\n\n<ul class=\"wp-block-list\">\n<li>Papers should be submitted in PDF format to <strong><em><a href=\"https:\/\/meteor.springer.com\/registration\/project.jsf?id=2631\">METEOR<\/a><\/em><\/strong> (Springer Submission System) via the following link: <a href=\"https:\/\/meteor.springer.com\/registration\/project.jsf?id=2631\">https:\/\/meteor.springer.com\/registration\/project.jsf?id=2631<\/a>. Prior registration will be required if you are not already registered on the platform. If you have any questions, you can access the <em><strong>Help<\/strong><\/em> available in the upper right corner of the system at any step of the process.<\/li>\n<\/ul>\n\n\n\n<p>All submissions will go through a double-blind peer review process by Program Committee members on the basis of their originality, relevance, significance, technical soundness, quality and clarity. Thus, author names and affiliations must be omitted from the submission, using instead the unique tracking number assigned by the conference system. In addition, self\u2010references in the text, like <em>\u00abin [14] we prove that\u00bb<\/em> should be avoided, using instead references such as <em>\u00abin [14] has been proved that\u00bb<\/em>.<\/p>\n\n\n\n<p>All papers must be original and not simultaneously submitted to another journal or conference.<\/p>\n\n\n\n<p><strong>Conference Registration and Attendance<\/strong><\/p>\n\n\n\n<p>At least one author is required to register for the conference and should be available to present the paper. We encourage all authors to attend if possible.<\/p>\n\n\n\n<p><strong>Best paper Award<\/strong><\/p>\n\n\n\n<p>A \u201cBest Paper Award\u201d will be given to the authors of the best paper, as judged by the Best Paper Award Selection Committee. There will also be the \u201cBest Paper Presentation Award\u201d selected from the audience feedback collected during the IBERAMIA 2026.<\/p>\n\n\n\n<p><strong>Publication<\/strong><\/p>\n\n\n\n<p>The Proceedings of IBERAMIA\u20192026 will be published in Springer <a href=\"https:\/\/www.springer.com\/series\/1244\">\u00abAdvances in Artificial Intelligence\u00bb<\/a>, <a href=\"https:\/\/www.springer.com\/lncs\">LNCS\/LNAI series<\/a>. The proceedings of the conference are indexed by EI Compendex, SpringerLink, Scopus and more.  Authors of papers accepted for inclusion in the proceedings volume published by Springer are required to adhere to the Springer Code of Conduct, which can be found&nbsp;<a href=\"https:\/\/www.springernature.com\/gp\/authors\/book-authors-code-of-conduct\" target=\"_blank\" rel=\"noreferrer noopener\"><strong>here<\/strong><\/a>.<\/p>\n\n\n\n<p><strong>Journal Opportunities<\/strong><\/p>\n\n\n\n<p>A select set of top-rated papers will be nominated for fast track review at participating journals, including <a href=\"https:\/\/www.iospress.nl\/journal\/ai-communications\/\"><em>AI Communications<\/em><\/a><em>, <a href=\"https:\/\/link.springer.com\/journal\/13748\">Progress in Artificial Intelligence<\/a><\/em>, <a href=\"http:\/\/journal.iberamia.org\/\"><em>Inteligencia Artificial<\/em><\/a>, and other international journals (all of them indexed by Scopus, JCR, etc.).<\/p>\n\n\n\n<p><strong>PhD and Master Theses Contest<\/strong><\/p>\n\n\n\n<p>The Third Ibero-American Symposium on Masters and Doctorates in Artificial Intelligence (<a href=\"https:\/\/www.iberamia.org\/iberamia\/simdia\/\">SIMDIA&#8217;2025<\/a>) is held as a pre-conference activity on November 13-14, 2025. In this event awards will be given to the best PhD and MSc theses.<\/p>\n\n\n\n<p><strong>Pre-events for IBERAMIA&#8217;2026<\/strong><\/p>\n\n\n\n<p>As pre-events of IBERAMIA&#8217;2026, a series of open access conferences will be held through our <a href=\"https:\/\/www.iberamia.org\/iberamia\/iberamiachannel\/\">IberamiaChannel<\/a> (<a href=\"https:\/\/iberamiachannel.iberamia.org\/\">https:\/\/iberamiachannel.iberamia.org\/<\/a>), conducted by relevant researchers in the area<\/p>\n\n\n\n<p><strong>Questions and Suggestions<\/strong><\/p>\n\n\n\n<p>Please send all questions and suggestions about the technical program to the IBERAMIA-2026 Program Chair, at the email address <a href=\"mailto:pc-chair26@iberamia.org\">pc-chair26@iberamia.org<\/a><\/p>\n\n\n\n<p><strong>IMPORTANT DATES<\/strong><\/p>\n\n\n\n<ul class=\"wp-block-list\">\n<li><strong><em>Paper submission deadline: May 31th, 2026<\/em><\/strong><\/li>\n\n\n\n<li>Notification: July 15th, 2026<\/li>\n\n\n\n<li>Camera ready papers: July 28th, 2026<\/li>\n\n\n\n<li>Conference dates: November 18-20th, 2026<\/li>\n<\/ul>\n\n\n\n<hr class=\"wp-block-separator has-alpha-channel-opacity is-style-wide\"\/>\n\n\n\n<p><\/p>\n\n\n\n<p><\/p>\n","protected":false},"excerpt":{"rendered":"<p>Iberamia\u20192026, 19th Ibero-American Conference on Artificial Intelligence Asunci\u00f3n , Paraguay. November 18-20th, 2026 Call For Papers (PDF) Iberamia\u20192026, the&nbsp;19th Ibero-American Conference on Artificial Intelligence, will be held in&nbsp;Asunci\u00f3n(Paraguay) on&nbsp;November 18-20th, 2026, organized by the Universidad Nacional de Asunci\u00f3n, and the Universidad Cat\u00f3lica de Asunci\u00f3n, with the support of the Universidad Comunera and the Sociedad Paraguaya de Inteligencia Artificial. IBERAMIA\u20192026 is the 19th edition of the Ibero-American Conference on Artificial Intelligence,&hellip; <\/p>\n","protected":false},"author":1,"featured_media":0,"parent":0,"menu_order":0,"comment_status":"closed","ping_status":"closed","template":"layouts\/page-fullwidth.php","meta":{"footnotes":""},"class_list":["post-221","page","type-page","status-publish","hentry"],"_links":{"self":[{"href":"https:\/\/www.iberamia.org\/iberamia\/iberamia2026\/wp-json\/wp\/v2\/pages\/221","targetHints":{"allow":["GET"]}}],"collection":[{"href":"https:\/\/www.iberamia.org\/iberamia\/iberamia2026\/wp-json\/wp\/v2\/pages"}],"about":[{"href":"https:\/\/www.iberamia.org\/iberamia\/iberamia2026\/wp-json\/wp\/v2\/types\/page"}],"author":[{"embeddable":true,"href":"https:\/\/www.iberamia.org\/iberamia\/iberamia2026\/wp-json\/wp\/v2\/users\/1"}],"replies":[{"embeddable":true,"href":"https:\/\/www.iberamia.org\/iberamia\/iberamia2026\/wp-json\/wp\/v2\/comments?post=221"}],"version-history":[{"count":30,"href":"https:\/\/www.iberamia.org\/iberamia\/iberamia2026\/wp-json\/wp\/v2\/pages\/221\/revisions"}],"predecessor-version":[{"id":363,"href":"https:\/\/www.iberamia.org\/iberamia\/iberamia2026\/wp-json\/wp\/v2\/pages\/221\/revisions\/363"}],"wp:attachment":[{"href":"https:\/\/www.iberamia.org\/iberamia\/iberamia2026\/wp-json\/wp\/v2\/media?parent=221"}],"curies":[{"name":"wp","href":"https:\/\/api.w.org\/{rel}","templated":true}]}}