{"id":341,"date":"2024-02-23T09:19:04","date_gmt":"2024-02-23T09:19:04","guid":{"rendered":"https:\/\/www.iberamia.org\/iberamia\/iberamia2024\/?page_id=341"},"modified":"2024-02-23T09:20:48","modified_gmt":"2024-02-23T09:20:48","slug":"colonia-uruguay","status":"publish","type":"page","link":"https:\/\/www.iberamia.org\/iberamia\/iberamia2024\/colonia-uruguay\/","title":{"rendered":"Colonia &#8211; Uruguay"},"content":{"rendered":"\n<div class=\"wp-block-columns is-layout-flex wp-container-core-columns-is-layout-9d6595d7 wp-block-columns-is-layout-flex\">\n<div class=\"wp-block-column is-layout-flow wp-block-column-is-layout-flow\">\n<p><strong>COLONIA &#8211; URUGUAY<\/strong><\/p>\n<\/div>\n\n\n\n<div class=\"wp-block-column is-layout-flow wp-block-column-is-layout-flow\">\n<figure class=\"wp-block-image size-full is-resized\"><img loading=\"lazy\" decoding=\"async\" width=\"150\" height=\"173\" src=\"https:\/\/www.iberamia.org\/iberamia\/iberamia2024\/wp-content\/uploads\/sites\/18\/2024\/02\/image-6.png\" alt=\"\" class=\"wp-image-348\" style=\"width:57px;height:auto\"\/><\/figure>\n<\/div>\n<\/div>\n\n\n\n<p>A menos de una hora de Montevideo, hacia el oeste, el departamento de Colonia ofrece actividades y experiencias \u00fanicas: turismo patrimonial, enoturismo, turismo rural, senderismo, canotaje, recorridos hist\u00f3ricos, mercados y ferias artesanales. La diversidad cultural y sus distintas tradiciones son particularidades notables de la regi\u00f3n de Colonia donde destaca su belleza geogr\u00e1fica, sus ciudades a escala humana, sus producciones artesanales de excelente calidad y una infraestructura hotelera y de servicios para todo p\u00fablico.<\/p>\n\n\n\n<p>La capital, Colonia del Sacramento posee reconocimiento internaciontal por su Barrio Hist\u00f3rico, declarado Patrimonio Mundial en 1995 por Unesco. Ciudad amigable y cosmopolita, posee amplias costas sobre el Rio de la Plata, paisajes naturales amplios y hermosos a pocos minutos de los centros urbanos y una inmejorable conectividad con Buenos Aires.<\/p>\n\n\n\n<p>Las gastronomia y el enoturismo, se complementan para ofrecer propuestas turisticas de nivel, los quesos artesanales, los vinos, aceite de oliva, chocolates, conservas y mermeladas, conjugan la tradicion de sus poblaciones inmigrantes con la innovacion.<\/p>\n\n\n\n<div class=\"wp-block-columns is-layout-flex wp-container-core-columns-is-layout-9d6595d7 wp-block-columns-is-layout-flex\">\n<div class=\"wp-block-column is-layout-flow wp-block-column-is-layout-flow\">\n<figure class=\"wp-block-image size-full\"><img loading=\"lazy\" decoding=\"async\" width=\"403\" height=\"269\" src=\"https:\/\/www.iberamia.org\/iberamia\/iberamia2024\/wp-content\/uploads\/sites\/18\/2024\/02\/image-1.png\" alt=\"\" class=\"wp-image-343\" srcset=\"https:\/\/www.iberamia.org\/iberamia\/iberamia2024\/wp-content\/uploads\/sites\/18\/2024\/02\/image-1.png 403w, https:\/\/www.iberamia.org\/iberamia\/iberamia2024\/wp-content\/uploads\/sites\/18\/2024\/02\/image-1-300x200.png 300w\" sizes=\"auto, (max-width: 403px) 100vw, 403px\" \/><\/figure>\n<\/div>\n\n\n\n<div class=\"wp-block-column is-layout-flow wp-block-column-is-layout-flow\">\n<figure class=\"wp-block-image size-full\"><img loading=\"lazy\" decoding=\"async\" width=\"397\" height=\"264\" src=\"https:\/\/www.iberamia.org\/iberamia\/iberamia2024\/wp-content\/uploads\/sites\/18\/2024\/02\/image-2.png\" alt=\"\" class=\"wp-image-344\" srcset=\"https:\/\/www.iberamia.org\/iberamia\/iberamia2024\/wp-content\/uploads\/sites\/18\/2024\/02\/image-2.png 397w, https:\/\/www.iberamia.org\/iberamia\/iberamia2024\/wp-content\/uploads\/sites\/18\/2024\/02\/image-2-300x199.png 300w\" sizes=\"auto, (max-width: 397px) 100vw, 397px\" \/><\/figure>\n<\/div>\n<\/div>\n\n\n\n<p><strong>Colonia en 1 dia<\/strong><\/p>\n\n\n\n<p>Si s\u00f3lo ten\u00e9s un d\u00eda para conocer Colonia, aqu\u00ed van algunos planes imprescindibles de ma\u00f1ana, tarde y noche. No trates de hacerlos todos, elige los que m\u00e1s te gustan y, sobre todo, disfr\u00fatalos. \u00a1Vas a querer volver!<\/p>\n\n\n\n<p><a href=\"https:\/\/colonia.gub.uy\/turismo\/unPlanificaTuViaje.php?x=b6589fc6ab0dc82cf12099d1c2d40ab994e8410c\">https:\/\/colonia.gub.uy\/turismo\/unPlanificaTuViaje.php?x=b6589fc6ab0dc82cf12099d1c2d40ab994e8410c<\/a><\/p>\n\n\n\n<p><strong>Colonia en 2 dias<\/strong><\/p>\n\n\n\n<p>Colonia no es solo Colonia del Sacramento, tenemos excelentes propuestas para conocer nuestra tierra de vinos, olivares, inmigrantes y mucha m\u00e1s historia.<\/p>\n\n\n\n<p>En un radio de 50 kil\u00f3metros, rutas, caminos, localidades y emprendimientos rurales muy diversos, ofrecen una rica variedad de atractivos que situamos en categor\u00eda \u201cimperdibles\u201d.<\/p>\n\n\n\n<p><a href=\"https:\/\/colonia.gub.uy\/turismo\/unPlanificaTuViaje.php?x=356a192b7913b04c54574d18c28d46e6395428ab\">https:\/\/colonia.gub.uy\/turismo\/unPlanificaTuViaje.php?x=356a192b7913b04c54574d18c28d46e6395428ab<\/a><\/p>\n\n\n\n<p><strong>Colonia en 3 dias<\/strong><\/p>\n\n\n\n<p>Hacia el oeste y hacia el este, el Departamento de Colonia despliega un abanico de experiencias que hacen que conocer Colonia del Sacramento y su Patrimonio Mundial sea apenas un moj\u00f3n dentro de las innumerables propuestas para conocer y disfrutar. En 100 kil\u00f3metros de recorrido, por Rutas 21 o 1 hay mucho para descubrir y sensaciones por adquirir.<\/p>\n\n\n\n<p><a href=\"https:\/\/colonia.gub.uy\/turismo\/unPlanificaTuViaje.php?x=da4b9237bacccdf19c0760cab7aec4a8359010b0\">https:\/\/colonia.gub.uy\/turismo\/unPlanificaTuViaje.php?x=da4b9237bacccdf19c0760cab7aec4a8359010b0<\/a><\/p>\n\n\n\n<div class=\"wp-block-columns is-layout-flex wp-container-core-columns-is-layout-9d6595d7 wp-block-columns-is-layout-flex\">\n<div class=\"wp-block-column is-layout-flow wp-block-column-is-layout-flow\">\n<figure class=\"wp-block-image size-full\"><img loading=\"lazy\" decoding=\"async\" width=\"431\" height=\"288\" src=\"https:\/\/www.iberamia.org\/iberamia\/iberamia2024\/wp-content\/uploads\/sites\/18\/2024\/02\/image-3.png\" alt=\"\" class=\"wp-image-345\" srcset=\"https:\/\/www.iberamia.org\/iberamia\/iberamia2024\/wp-content\/uploads\/sites\/18\/2024\/02\/image-3.png 431w, https:\/\/www.iberamia.org\/iberamia\/iberamia2024\/wp-content\/uploads\/sites\/18\/2024\/02\/image-3-300x200.png 300w\" sizes=\"auto, (max-width: 431px) 100vw, 431px\" \/><\/figure>\n<\/div>\n\n\n\n<div class=\"wp-block-column is-layout-flow wp-block-column-is-layout-flow\">\n<figure class=\"wp-block-image size-full is-resized\"><img loading=\"lazy\" decoding=\"async\" width=\"384\" height=\"288\" src=\"https:\/\/www.iberamia.org\/iberamia\/iberamia2024\/wp-content\/uploads\/sites\/18\/2024\/02\/image-4.png\" alt=\"\" class=\"wp-image-346\" style=\"width:295px;height:auto\" srcset=\"https:\/\/www.iberamia.org\/iberamia\/iberamia2024\/wp-content\/uploads\/sites\/18\/2024\/02\/image-4.png 384w, https:\/\/www.iberamia.org\/iberamia\/iberamia2024\/wp-content\/uploads\/sites\/18\/2024\/02\/image-4-300x225.png 300w, https:\/\/www.iberamia.org\/iberamia\/iberamia2024\/wp-content\/uploads\/sites\/18\/2024\/02\/image-4-345x259.png 345w\" sizes=\"auto, (max-width: 384px) 100vw, 384px\" \/><\/figure>\n<\/div>\n<\/div>\n\n\n\n<p><strong>M\u00e1s informaci\u00f3n:\u00a0 <\/strong><a href=\"http:\/\/www.colonia.gub.uy\/turismo\">www.colonia.gub.uy\/turismo<\/a><\/p>\n\n\n\n<div class=\"wp-block-group is-vertical is-layout-flex wp-container-core-group-is-layout-8cf370e7 wp-block-group-is-layout-flex\">\n<p>Redes sociales: Colonia, Encuentro M\u00e1gico<\/p>\n\n\n\n<p>Asociaci\u00f3n Tur\u00edstica del Departamento de Colonia<\/p>\n\n\n\n<p>Centro BIT \u2013 Miguel Angel Odriozola 434<\/p>\n\n\n\n<p>Colonia del Sacramento<\/p>\n\n\n\n<p>70.000 Colonia<\/p>\n\n\n\n<p>Uruguay<\/p>\n\n\n\n<p>+ 598 98 333 162<\/p>\n\n\n\n<p><a href=\"mailto:direccion@asociacionturisticacolonia.com,uy\">direccion@asociacionturisticacolonia.com,uy<\/a><\/p>\n\n\n\n<p><a href=\"http:\/\/www.asociacionturisticacolonia.com.uy\">www.asociacionturisticacolonia.com.uy<\/a><\/p>\n<\/div>\n\n\n\n<p><\/p>\n\n\n\n<p><\/p>\n\n\n\n<p><\/p>\n\n\n\n<p><\/p>\n\n\n\n<p><\/p>\n\n\n\n<p><\/p>\n","protected":false},"excerpt":{"rendered":"<p>COLONIA &#8211; URUGUAY A menos de una hora de Montevideo, hacia el oeste, el departamento de Colonia ofrece actividades y experiencias \u00fanicas: turismo patrimonial, enoturismo, turismo rural, senderismo, canotaje, recorridos hist\u00f3ricos, mercados y ferias artesanales. La diversidad cultural y sus distintas tradiciones son particularidades notables de la regi\u00f3n de Colonia donde destaca su belleza geogr\u00e1fica, sus ciudades a escala humana, sus producciones artesanales de excelente calidad y una infraestructura hotelera&hellip; <\/p>\n","protected":false},"author":1,"featured_media":0,"parent":0,"menu_order":0,"comment_status":"closed","ping_status":"closed","template":"layouts\/page-fullwidth.php","meta":{"footnotes":""},"class_list":["post-341","page","type-page","status-publish","hentry"],"_links":{"self":[{"href":"https:\/\/www.iberamia.org\/iberamia\/iberamia2024\/wp-json\/wp\/v2\/pages\/341","targetHints":{"allow":["GET"]}}],"collection":[{"href":"https:\/\/www.iberamia.org\/iberamia\/iberamia2024\/wp-json\/wp\/v2\/pages"}],"about":[{"href":"https:\/\/www.iberamia.org\/iberamia\/iberamia2024\/wp-json\/wp\/v2\/types\/page"}],"author":[{"embeddable":true,"href":"https:\/\/www.iberamia.org\/iberamia\/iberamia2024\/wp-json\/wp\/v2\/users\/1"}],"replies":[{"embeddable":true,"href":"https:\/\/www.iberamia.org\/iberamia\/iberamia2024\/wp-json\/wp\/v2\/comments?post=341"}],"version-history":[{"count":1,"href":"https:\/\/www.iberamia.org\/iberamia\/iberamia2024\/wp-json\/wp\/v2\/pages\/341\/revisions"}],"predecessor-version":[{"id":349,"href":"https:\/\/www.iberamia.org\/iberamia\/iberamia2024\/wp-json\/wp\/v2\/pages\/341\/revisions\/349"}],"wp:attachment":[{"href":"https:\/\/www.iberamia.org\/iberamia\/iberamia2024\/wp-json\/wp\/v2\/media?parent=341"}],"curies":[{"name":"wp","href":"https:\/\/api.w.org\/{rel}","templated":true}]}}