{"id":120,"date":"2023-07-11T16:24:26","date_gmt":"2023-07-11T16:24:26","guid":{"rendered":"https:\/\/www.iberamia.org\/iberamia\/iberamia2024\/?page_id=120"},"modified":"2024-10-01T20:16:48","modified_gmt":"2024-10-01T20:16:48","slug":"committees","status":"publish","type":"page","link":"https:\/\/www.iberamia.org\/iberamia\/iberamia2024\/committees\/","title":{"rendered":"Program Committee"},"content":{"rendered":"\n<p><strong>PC Chair (<em><a href=\"mailto:pc-chair@iberamia.org\">Contact<\/a><\/em><\/strong>)<strong>: <\/strong>Prof. Lu\u00eds Correia. Universidade de Lisboa (Portugal). <\/p>\n\n\n\n<p><strong>Program Committee Members: <\/strong> <\/p>\n\n\n\n<div class=\"wp-block-group is-vertical is-layout-flex wp-container-core-group-is-layout-8cf370e7 wp-block-group-is-layout-flex\">\n<p>Diana Francisca Adamatti , Universidade Federal do Rio Grande &nbsp;(Brasil)<\/p>\n\n\n\n<p>Helena Aidos , Universidade de Lisboa &nbsp;(Portugal)<\/p>\n\n\n\n<p>Matias Alvarado-Mentado , Centro de Investigacion y de Estudios Avanzados del IPN &nbsp;(Mexico)<\/p>\n\n\n\n<p>Luis Antunes , Universidade de Lisboa &nbsp;(Portugal)<\/p>\n\n\n\n<p>Federico Barber , Universidad Politecnica de Valencia &nbsp;(Espa\u00f1a)<\/p>\n\n\n\n<p>Ana Bazzan , Universidade Federal do Estado do Rio Grande do Sul &nbsp;(Brasil)<\/p>\n\n\n\n<p>Reinaldo A. C. Bianchi , Centro Universitario FEI &nbsp;(Brasil)<\/p>\n\n\n\n<p>Ana Cristina Bicharra Garcia , Universidade Federal do Estado do Rio de Janeiro &nbsp;(Brasil)<\/p>\n\n\n\n<p>Juan Carlos Burguillo , University of Vigo &nbsp;(Espa\u00f1a)<\/p>\n\n\n\n<p>Am\u00edlcar Cardoso , Univ. Coimbra &nbsp;(Portugal)<\/p>\n\n\n\n<p>Luis Chiruzzo , Udelar &nbsp;(Uruguay)<\/p>\n\n\n\n<p>Luis Correia , Universidade de Lisboa &nbsp;(Portugal)<\/p>\n\n\n\n<p>Paulo Cortez , Universidade do Minho, Portugal &nbsp;(Portugal)<\/p>\n\n\n\n<p>Fabio Cozman , EP-USP &nbsp;(Brasil)<\/p>\n\n\n\n<p>Luciano Antonio Digiampietri , University of S\u00e3o Paulo &nbsp;(Brasil)<\/p>\n\n\n\n<p>Lorena Etcheverry , Udelar &nbsp;(Uruguay)<\/p>\n\n\n\n<p>Ramon Fabregat , Universitat de Girona &nbsp;(Espa\u00f1a)<\/p>\n\n\n\n<p>Mar\u00eda In\u00e9s Fariello , Udelar &nbsp;(Uruguay)<\/p>\n\n\n\n<p>Nuno Garcia , Universidade de Lisboa &nbsp;(Portugal)<\/p>\n\n\n\n<p>Francisco Garijo, Universidad Complutense Madrid (Espa\u00f1a)<\/p>\n\n\n\n<p>Daniela Godoy , ISISTAN Research Institute &nbsp;(Argentina)<\/p>\n\n\n\n<p>Agust\u00edn Gravano , UBA &nbsp;(Argentina)<\/p>\n\n\n\n<p>Paulo T. Guerra , Federal University of Ceara &nbsp;(Brasil)<\/p>\n\n\n\n<p>Stella Heras , Universitat Polit\u00e8cnica de Val\u00e8ncia &nbsp;(Espa\u00f1a)<\/p>\n\n\n\n<p>Al\u00edpio Jorge , FC-UP &nbsp;(Portugal)<\/p>\n\n\n\n<p>Vicente Julian , Universitat Polit\u00e8cnica de Val\u00e8ncia &nbsp;(Espa\u00f1a)<\/p>\n\n\n\n<p>Fernando Koch , IBM Global Services &nbsp;(USA)<\/p>\n\n\n\n<p>Henrique Lopes Cardoso , FE-UP &nbsp;(Portugal)<\/p>\n\n\n\n<p>Jos\u00e9 Machado , University of Minho &nbsp;(Portugal)<\/p>\n\n\n\n<p>Ricardo Marcondes Marcacini , ICMC\/USP &nbsp;(Brasil)<\/p>\n\n\n\n<p>Jos\u00e9 Fco. Mart\u00ednez-Trinidad , Instituto Nacional de Astrof\u00edsica, \u00d3ptica y Electr\u00f3nica &nbsp;(Mexico)<\/p>\n\n\n\n<p>Nestor Dario Mendez Duque , Universidad Nacional de Colombia &nbsp;(Colombia)<\/p>\n\n\n\n<p>Ivan Vladimir Meza Ruiz , Instituto de Investigaciones en Matem\u00e1ticas Aplicadas y en Sistemas, Universidad Nacional Aut\u00f3noma de M\u00e9xico &nbsp;(Mexico)<\/p>\n\n\n\n<p>Jos\u00e9 Manuel Molina Lopez , Universidad Carlos III de Madrid &nbsp;(Espa\u00f1a)<\/p>\n\n\n\n<p>Guillermo Moncecchi , Udelar &nbsp;(Uruguay)<\/p>\n\n\n\n<p>Manuel Montes-Y-Gomez , National Institute of Astrophysics, Optics and Electronics &nbsp;(Mexico)<\/p>\n\n\n\n<p>Eduardo Morales , Instituto Nacional de Astrof\u00edsica, Optica y Electr\u00f3nica &nbsp;(Mexico)<\/p>\n\n\n\n<p>Paulo Novais , Universidade do Minho, Portugal &nbsp;(Portugal)<\/p>\n\n\n\n<p>Pedro Nu\u00f1ez , Universidad de Extremadura &nbsp;(Espa\u00f1a)<\/p>\n\n\n\n<p>Jos\u00e9 Luis Oliveira , University of Aveiro &nbsp;(Portugal)<\/p>\n\n\n\n<p>Aline Paes , UFF &nbsp;(Brasil)<\/p>\n\n\n\n<p>Thiago Pardo , University of S\u00e3o Paulo &nbsp;(Brasil)<\/p>\n\n\n\n<p>Jo\u00e3o Paulo Papa , UNESP &nbsp;(Brasil)<\/p>\n\n\n\n<p>Juan Pavon , Universidade Complutense de Madri &nbsp;(Espa\u00f1a)<\/p>\n\n\n\n<p>Mart\u00edn Pedemonte , Udelar &nbsp;(Uruguay)<\/p>\n\n\n\n<p>Jo\u00e3o Carlos Pereira Da Silva , UFRJ &nbsp;(Brasil)<\/p>\n\n\n\n<p>Ramon Pino Perez , Universidad de Los Andes &nbsp;(Venezuela)<\/p>\n\n\n\n<p>Rui Prada , INESC-ID and Instituto Superior T\u00e9cnico, Universidade de Lisboa &nbsp;(Portugal)<\/p>\n\n\n\n<p>Maur\u00edcio Reis , Universidade da Madeira &nbsp;(Portugal)<\/p>\n\n\n\n<p>Rita Ribeiro , Universidade do Porto &nbsp;(Portugal)<\/p>\n\n\n\n<p>Rui P, Rocha, Univ. of Coimbra. Portugal <\/p>\n\n\n\n<p>Ricardo O. Rodriguez , Universidad de Buenos Aires &nbsp;(Argentina)<\/p>\n\n\n\n<p>Aiala &nbsp;Ros\u00e1 , Universidad de la Rep\u00fablica de Uruguay &nbsp;(Uruguay)<\/p>\n\n\n\n<p>Fernando Santos , Universidade do Estado de Santa Catarina (UDESC) &nbsp;(Brasil)<\/p>\n\n\n\n<p>Silvia Schiaffino , ISISTAN, Instituto Superior de Ingenier\u00eda de Software Tandil (CONICET &#8211; UNCPBA) &nbsp;(Argentina)<\/p>\n\n\n\n<p>Ivan Serina , University of Brescia &nbsp;(Italia)<\/p>\n\n\n\n<p>Onn Shehory , Bar Ilan University &nbsp;(Israel)<\/p>\n\n\n\n<p>Guillermo Simari , Universidad Nacional del Sur &nbsp;(Argentina)<\/p>\n\n\n\n<p>Elaine Sousa , University of Sao Paulo &#8211; ICMC\/USP &nbsp;(Brasil)<\/p>\n\n\n\n<p>Luis Enrique Sucar , Instituto Nacional de Astrof\u00edsica, \u00d3ptica y Electr\u00f3nica, Mexico &nbsp;(Mexico)<\/p>\n\n\n\n<p>Stefano Tedeschi , Dipartimento di informatica &#8211; Universit\u00e0 degli Studi di Torino &nbsp;(Italia)<\/p>\n\n\n\n<p>Flavio Tonidandel,  Centro Universitario da FEI (Brasil)<\/p>\n\n\n\n<p>Flavio Varejao , Universidade Federal do Espirito Santo &nbsp;(Brasil)<\/p>\n\n\n\n<p>Jos\u00e9 Viterbo , Universidade Federal Fluminense &nbsp;(Brasil)<\/p>\n\n\n\n<p>Leandro Krug Wives , UFRGS &nbsp;(Brasil)<\/p>\n\n\n\n<hr class=\"wp-block-separator has-alpha-channel-opacity is-style-wide\"\/>\n<\/div>\n","protected":false},"excerpt":{"rendered":"<p>PC Chair (Contact): Prof. Lu\u00eds Correia. Universidade de Lisboa (Portugal). Program Committee Members: Diana Francisca Adamatti , Universidade Federal do Rio Grande &nbsp;(Brasil) Helena Aidos , Universidade de Lisboa &nbsp;(Portugal) Matias Alvarado-Mentado , Centro de Investigacion y de Estudios Avanzados del IPN &nbsp;(Mexico) Luis Antunes , Universidade de Lisboa &nbsp;(Portugal) Federico Barber , Universidad Politecnica de Valencia &nbsp;(Espa\u00f1a) Ana Bazzan , Universidade Federal do Estado do Rio Grande do Sul&hellip; <\/p>\n","protected":false},"author":1,"featured_media":0,"parent":0,"menu_order":0,"comment_status":"closed","ping_status":"closed","template":"layouts\/page-fullwidth.php","meta":{"footnotes":""},"class_list":["post-120","page","type-page","status-publish","hentry"],"_links":{"self":[{"href":"https:\/\/www.iberamia.org\/iberamia\/iberamia2024\/wp-json\/wp\/v2\/pages\/120","targetHints":{"allow":["GET"]}}],"collection":[{"href":"https:\/\/www.iberamia.org\/iberamia\/iberamia2024\/wp-json\/wp\/v2\/pages"}],"about":[{"href":"https:\/\/www.iberamia.org\/iberamia\/iberamia2024\/wp-json\/wp\/v2\/types\/page"}],"author":[{"embeddable":true,"href":"https:\/\/www.iberamia.org\/iberamia\/iberamia2024\/wp-json\/wp\/v2\/users\/1"}],"replies":[{"embeddable":true,"href":"https:\/\/www.iberamia.org\/iberamia\/iberamia2024\/wp-json\/wp\/v2\/comments?post=120"}],"version-history":[{"count":12,"href":"https:\/\/www.iberamia.org\/iberamia\/iberamia2024\/wp-json\/wp\/v2\/pages\/120\/revisions"}],"predecessor-version":[{"id":505,"href":"https:\/\/www.iberamia.org\/iberamia\/iberamia2024\/wp-json\/wp\/v2\/pages\/120\/revisions\/505"}],"wp:attachment":[{"href":"https:\/\/www.iberamia.org\/iberamia\/iberamia2024\/wp-json\/wp\/v2\/media?parent=120"}],"curies":[{"name":"wp","href":"https:\/\/api.w.org\/{rel}","templated":true}]}}