{"id":86,"date":"2017-03-22T09:37:58","date_gmt":"2017-03-22T09:37:58","guid":{"rendered":"http:\/\/www.iberamia.org\/iberamia\/iberamia2018\/?page_id=86"},"modified":"2018-07-18T13:35:46","modified_gmt":"2018-07-18T13:35:46","slug":"program-committee","status":"publish","type":"page","link":"https:\/\/www.iberamia.org\/iberamia\/iberamia2018\/program-committee\/","title":{"rendered":"Program Committee"},"content":{"rendered":"<h4><span style=\"color: #333333\"><strong>General Chair<\/strong>: Prof. Guillermo R. Simari (Universidad Nacional del Sur, Argentina).<\/span><\/h4>\n<h5><span style=\"color: #333333\"><strong>Vice-Chair: <\/strong>Prof. Eduardo Ferm\u00e9 (Universidade da Madeira, Portugal)<\/span><span style=\"color: #333333\">.<\/span><\/h5>\n<h5><span style=\"color: #333333\"><strong>Contact: <\/strong><span style=\"color: #000080\"><a style=\"color: #000080\" href=\"mailto:cp-iberamia@iberamia.org\" target=\"_blank\">cp-iberamia@iberamia.org<\/a><\/span><\/span><\/h5>\n<hr \/>\n<h3><span style=\"color: #333333\"><strong>Areas and\u00a0 Area Chairs:<\/strong><\/span><\/h3>\n<p><strong>Knowledge Representation and Reasoning, ,Reasoning under Uncertainty<\/strong><br \/>\n<span style=\"color: #333333\">Eduardo Ferm\u00e9 (Universidade da Madeira, Portugal).<\/span><\/p>\n<p><strong>Multiagent Systems, Game Theory and Economic Paradigms, Game Playing and Interactive Entertainment, Ambient Intelligence.<\/strong><br \/>\n<span style=\"color: #333333\">Paulo Novais (Universidade do Minho, Portugal)<\/span><\/p>\n<p><strong>Machine Learning Methods, Machine Learning Applications, Cognitive Modeling, Cognitive Systems<\/strong><br \/>\n<span style=\"color: #333333\">Marcelo Luis Errecalde (Universidad Nacional de San Luis, Argentina)<\/span><\/p>\n<p><strong>Planning and Scheduling, Robotics, Vision<\/strong><br \/>\n<span style=\"color: #333333\">Blai Bonet (Universidad Sim\u00f3n Bol\u00edvar, Venezuela)<\/span><\/p>\n<p><strong>Natural Language Processing (NLP), Human-Computer Interaction, AI in Education, NLP and Knowledge Representation, NLP and Machine Learning, NLP and Text Mining , Humans and AI, Human-Aware AI<\/strong><br \/>\n<span style=\"color: #333333\">Aline Villavicencio (Federal University of Rio Grande do Sul, Brazil)<\/span><\/p>\n<p><strong>General AI, Knowledge Engineering, AI and the Web, Applications, Computational Sustainability and AI, Heuristic Search and Optimization<\/strong><br \/>\n<span style=\"color: #333333\">Vicente Julian Inglada (Universidad Polit\u00e9cnica de Valencia, Spain)<\/span><span style=\"color: #333333\"><br \/>\n<\/span><\/p>\n<hr \/>\n<p><strong>Program Committee Members<\/strong><\/p>\n<p>A. Fernando\u00a0 Ribeiro,\u00a0 University of Minho\u00a0\u00a0 (Portugal)<br \/>\nAdri\u00e1n Pastor\u00a0 Lopez-Monroy,\u00a0 Instituto Nacional de Astrof\u00edsica, \u00d3ptica y Electr\u00f3nica\u00a0\u00a0 (Mexico)<br \/>\nAiala\u00a0 Ros\u00e1,\u00a0 Universidad de la Rep\u00fablica de Uruguay\u00a0\u00a0 (Uruguay)<br \/>\nAlberto Abad\u00a0 IST\/INESC-ID, (Portugal)<br \/>\nAleandre Rademaker\u00a0 IBM Research Brazil and EMAp\/FGV, (Brazil)<br \/>\nAlejandro\u00a0 Edera,\u00a0 Instituto de Biolog\u00eda Agr\u00edcola Mendoza, CONICET &#8211; Universidad Nacional de Cuyo\u00a0\u00a0 (Argentina)<br \/>\nAlejandro\u00a0 Zunino,\u00a0 CONICET-ISISTAN, UNICEN\u00a0\u00a0 (Argentina)<br \/>\nAlexandre Maciel\u00a0 University of Pernambuco, (Brazil)<br \/>\nAmal\u00a0 El Fallah Seghrouchni,\u00a0 LIP6 &#8211; University of Pierre and Marie Curie\u00a0\u00a0 (France)<br \/>\nAmedeo\u00a0 Cesta,\u00a0 CNR &#8211; National Research Council of Italy\u00a0\u00a0 (Italy)<br \/>\nAna Gabriela\u00a0 Maguitman,\u00a0 Universidad Nacional del Sur\u00a0\u00a0 (Argentina)<br \/>\nAndre\u00a0 de Carvalho,\u00a0 University of S\u00e3o Paulo\u00a0\u00a0 (Brazil)<br \/>\nAndrea\u00a0 Omicini,\u00a0 Alma Mater Studiorum\u2013Universit\u00e0 di Bologna\u00a0\u00a0 (Italy)<br \/>\n\u00c2ngelo\u00a0 Costa,\u00a0 University of Minho\u00a0\u00a0 (Portugal)<br \/>\nAnna Helena Reali\u00a0 Costa,\u00a0 University of S\u00e3o Paulo\u00a0\u00a0 (Brazil)<br \/>\nAntonio\u00a0 Fern\u00e1ndez-Caballero,\u00a0 Universidad de Castilla-La Mancha\u00a0\u00a0 (Spain)<br \/>\nAnt\u00f3nio\u00a0 Teixeira,\u00a0 Universidade de Algarve\u00a0\u00a0 (Portugal)<br \/>\nAntonio Branco\u00a0 Universidade de Lisboa, (Portugal)<br \/>\nAurora\u00a0 Pozo,\u00a0 Federal University of Paran\u00e1\u00a0\u00a0 (Brazil)<br \/>\nBenjam\u00edn\u00a0 Bustos,\u00a0 Universidad de Chile\u00a0\u00a0 (Chile)<br \/>\nCarlos\u00a0 Carrascosa,\u00a0 Universidad Politecnica de Valencia\u00a0\u00a0 (Spain)<br \/>\nCarlos\u00a0 Ches\u00f1evar,\u00a0 UNS (Universidad Nacional del Sur)\u00a0\u00a0 (Argentina)<br \/>\nCarlos\u00a0 Ramos,\u00a0 IPP\u00a0\u00a0 (Portugal)<br \/>\nCarlos A.\u00a0 Iglesias,\u00a0 Universidad Polit\u00e9cnica de Madrid\u00a0\u00a0 (Spain)<br \/>\nCarlos Daniel Hern\u00e1ndez Mena\u00a0 Universidad Nacional Aut\u00f3noma de M\u00e9xico, (M\u00e9xico)<br \/>\nCristiano\u00a0 Castelfranchi,\u00a0 CNR &#8211; National Research Council of Italy\u00a0\u00a0 (Italy)<br \/>\nDavid\u00a0 Pinto,\u00a0 DSIC, UPV, FCC, BUAP\u00a0\u00a0 (Mexico)<br \/>\nDiego Slezak &#8211; Universidad de Buenos Aires, Argentina.<br \/>\nDina\u00a0 Wonsever,\u00a0 Universidad de la Rep\u00fablica de Uruguay\u00a0\u00a0 (Uruguay)<br \/>\nEdgard\u00a0 Altszyler,\u00a0 UBA\u00a0\u00a0 (Argentina)<br \/>\nEdgardo\u00a0 Ferretti,\u00a0 National University of San Luis, Computer Science Department\u00a0 (Argentina)<br \/>\nEdson\u00a0 Prestes,\u00a0 Universidade Federal do Rio Grande do Sul\u00a0\u00a0 (Brazil)<br \/>\nEdson Prestes\u00a0 Universidade Federal do Rio Grande do Sul, (Brazil)<br \/>\nEfstathios\u00a0 Stamatatos,\u00a0 University of the Aegean\u00a0\u00a0 (Greece)<br \/>\nElci Santos University of Madeira, (Portugal)<br \/>\nEmilio\u00a0 Serrano,\u00a0 Universidad Polit\u00e9cnica de Madrid\u00a0\u00a0 (Spain)<br \/>\nEnrique Marcelo\u00a0 Albornoz,\u00a0 Research Inst.for Signals, Systems and Computational Intelligence, UNL-CONICET\u00a0\u00a0 (Argentina)<br \/>\nErgina\u00a0 Kavallieratou,\u00a0 University of the Aegean\u00a0\u00a0 (Greece)<br \/>\nEsau\u00a0 Villatoro-Tello,\u00a0 Information Technologies Dept., UAM (Universidad Aut\u00f3noma Metropolitana)\u00a0\u00a0 (Mexico)<br \/>\nEugenio\u00a0 Oliveira,\u00a0 Universidade do Porto\u00a0\u00a0 (Portugal)<br \/>\nEva\u00a0 Onaindia,\u00a0 Universitat Polit\u00e8cnica de Val\u00e8ncia\u00a0\u00a0 (Spain)<br \/>\nFabio\u00a0 Kepler,\u00a0 Federal University of Pampa\u00a0\u00a0 (Argentina)<br \/>\nFederico\u00a0 Barber,\u00a0 Universitat Polit\u00e8cnica de Val\u00e8ncia\u00a0\u00a0 (Spain)<br \/>\nFernando\u00a0 Perdigao\u00a0 IT, (Portugal)<br \/>\nFlorentino\u00a0 Fdez-Riverola,\u00a0 University of Vigo\u00a0\u00a0 (Spain)<br \/>\nFranco M.\u00a0 Luque,\u00a0 Universidad Nacional de C\u00f3rdoba &amp; CONICET\u00a0\u00a0 (Argentina)<br \/>\nGoreti\u00a0 Marreiros,\u00a0 ISEP\/IPP-GECAD\u00a0\u00a0 (Portugal)<br \/>\nGuillem\u00a0 Franc\u00e8s,\u00a0 University of Basel\u00a0\u00a0 (Switzerland)<br \/>\nGustavo Paetzold\u00a0 The University of Sheffield, (UK)<br \/>\nHelder\u00a0 Coelho,\u00a0 Universidade de Lisboa\u00a0\u00a0 (Portugal)<br \/>\nHenry\u00a0 Carrillo,\u00a0 Universidad Sergio Arboleda\u00a0\u00a0 (Colombia)<br \/>\nHugo Jair\u00a0 Escalante,\u00a0 INAOE\u00a0\u00a0 (Mexico)<br \/>\nIchiro\u00a0 Satoh,\u00a0 National Institute of Informatics\u00a0\u00a0 (JApan)<br \/>\nIvan\u00a0 Meza Ruiz\u00a0\u00a0 Inst. de Investigaciones en Matem\u00e1ticas Aplicadas y en Sistemas, U.Nac. Aut\u00f3noma de M\u00e9xico, (M\u00e9xico)<br \/>\nIvan\u00a0 Varzinczak,\u00a0 Univ. Artois &amp; CNRS\u00a0\u00a0 (France)<br \/>\nIvandre\u00a0 Paraboni,\u00a0 University of S\u00e3o Paulo\u00a0\u00a0 (Brazil)<br \/>\nIvette Carolina\u00a0 Martinez,\u00a0 Universidad Sim\u00f3n Bol\u00edvar\u00a0\u00a0 (Venezuela)<br \/>\nJason\u00a0 Jung,\u00a0 Chung-Ang University\u00a0\u00a0 (South Korea)<br \/>\nJavier\u00a0 Apolloni,\u00a0 Universidad Nacional de San Luis\u00a0\u00a0 (Argentina)<br \/>\nJavier\u00a0 Bajo,\u00a0 Universidad Polit\u00e9cnica de Madrid\u00a0\u00a0 (Spain)<br \/>\nJean-Michel\u00a0 Ilie,\u00a0 LIP6, Univ. Pierre et Marie Curie\u00a0\u00a0 (France)<br \/>\nJoao\u00a0 Gama,\u00a0 University of Porto\u00a0\u00a0 (Portugal)<br \/>\nJoao\u00a0 Leite,\u00a0 Universidade NOVA de Lisboa\u00a0\u00a0 (Portugal)<br \/>\nJoao\u00a0 Marques-Silva,\u00a0 Universidade de Lisboa\u00a0\u00a0 (Portugal)<br \/>\nJorge\u00a0 Dias,\u00a0 University of Coimbra\u00a0\u00a0 (Portugal)<br \/>\nJorge\u00a0 Gomez-Sanz,\u00a0 Universidad Complutense de Madrid\u00a0\u00a0 (Spain)<br \/>\nJose Angel\u00a0 Olivas,\u00a0 UCLM\u00a0\u00a0 (Spain)<br \/>\nJose M.\u00a0 Molina,\u00a0 Universidad Carlos III de Madrid\u00a0\u00a0 (Spain)<br \/>\nJose M.\u00a0 Saavedra,\u00a0 Orand S.A.\u00a0\u00a0 (Chile)<br \/>\nJuan\u00a0 Pav\u00f3n,\u00a0 Universidad Complutense de Madrid\u00a0\u00a0 (Spain)<br \/>\nJuan Antonio\u00a0 Rodriguez Aguilar,\u00a0 IIIA-CSIC\u00a0\u00a0 (Spain)<br \/>\nJuli\u00e1n\u00a0 Quiroga,\u00a0 Pontificia Universidad Javeriana\u00a0\u00a0 (Colombia)<br \/>\nLaura\u00a0 Alonso Alemany,\u00a0 Universidad Nacional de C\u00f3rdoba\u00a0\u00a0 (Argentina)<br \/>\nLaura\u00a0 Lanzarini,\u00a0 Fac.Inform\u00e1tica &#8211; III LIDI\u00a0\u00a0 (Argentina)<br \/>\nLeonardo\u00a0 Zilio,\u00a0 Federal University of Rio Grande do Sul\u00a0\u00a0 (Brazil)<br \/>\nLeticia\u00a0 Cagnina,\u00a0 Universidad Nacional de San Luis\u00a0\u00a0 (Argentina)<br \/>\nLivy Real\u00a0 IBM, (Brazil)<br \/>\nLuis\u00a0 Avila,\u00a0 INGAR_CONICET\u00a0\u00a0 (Argentina)<br \/>\nLu\u00eds\u00a0 Correia,\u00a0 Universidade de Lisboa\u00a0\u00a0 (Portugal)<br \/>\nLuis Paulo\u00a0 Reis,\u00a0 University of Minho\u00a0\u00a0 (Portugal)<br \/>\nManolis\u00a0 Maragoudakis,\u00a0 University of the Aegean\u00a0\u00a0 (Greece)<br \/>\nManuel\u00a0 Montes-Y-G\u00f3mez,\u00a0\u00a0 Instituto Nacional de Astrof\u00edsica, \u00d3ptica y Electr\u00f3nica, M\u00e9xico\u00a0\u00a0 (Mexico)<br \/>\nMarcos Zampieri\u00a0 University of Wolverhampton, (UK)<br \/>\nMarcus Ritt\u00a0 Universidade Federal do Rio Grande do Sul, (Brazil)<br \/>\nMaria Das Gra\u00e7as Volpe\u00a0 Nunes,\u00a0 Universidade de S\u00e3o Paulo\u00a0\u00a0 (Brazil)<br \/>\nMariano\u00a0 De Paula,\u00a0 INGAR &#8211; CONICET\u00a0\u00a0 (Argentina)<br \/>\nMasun\u00a0 Nabhan Homsi,\u00a0 Universidad Sim\u00f2n Bol\u00ecvar\u00a0\u00a0 (Venezuela)<br \/>\nMat\u00edas\u00a0 Alvarado,\u00a0 Centro de Investigacion y de Estudios Avanzados del IPN\u00a0\u00a0 (Mexico)<br \/>\nMiguel A.\u00a0 Salido,\u00a0 Universitad Politecnica de Valencia\u00a0\u00a0 (Spain)<br \/>\nMikel\u00a0 Rodriguez,\u00a0 MITRE\u00a0\u00a0 (USA)<br \/>\nNayat\u00a0 Sanchez-Pi,\u00a0 Universidade do Estado do Rio de Janeiro\u00a0\u00a0 (Brazil)<br \/>\nNeil\u00a0 Yorke-Smith,\u00a0 Delft University of Technology\u00a0\u00a0 (Netherlands )<br \/>\nN\u00e9stor Becerra Yoma\u00a0 Universidad de Chile, (Chile)<br \/>\nN\u00e9stor Dar\u00edo\u00a0 Duque M\u00e9ndez,\u00a0 Universidad Nacional de Colombia\u00a0\u00a0 (Colombia)<br \/>\nNir\u00a0 Lipovetzky,\u00a0 The University of Melbourne\u00a0\u00a0 (Australia)<br \/>\nOlivier\u00a0 Boissier,\u00a0 Mines Saint-Etienne, Institut Henri Fayol, Laboratoire Hubert Curien UMR CNRS (France)<br \/>\nPablo\u00a0 Gamallo,\u00a0 University of Santiago de Compostela\u00a0\u00a0 (Spain)<br \/>\nPaolo\u00a0 Rosso,\u00a0 Universidad Polit\u00e9cnica de Valencia\u00a0\u00a0 (Spain)<br \/>\nPatricio\u00a0 Loncomilla,\u00a0 Universidad de Chile\u00a0\u00a0 (Chile)<br \/>\nPaulo\u00a0 Guerra,\u00a0 Federal University of Ceara\u00a0\u00a0 (Brazil)<br \/>\nPedro\u00a0 Cabalar,\u00a0 University of Coru\u00f1a\u00a0\u00a0 (Spain)<br \/>\nPedro\u00a0 N\u00fa\u00f1ez,\u00a0 University of Extremadura\u00a0\u00a0 (Spain)<br \/>\nPierre-Yves\u00a0 Schobbens,\u00a0 University of Namur\u00a0\u00a0 (Belgium)<br \/>\nRafael\u00a0 Bordini,\u00a0 Pontif\u00edcia Universidade Cat\u00f3lica do Rio Grande do Sul\u00a0\u00a0 (Brazil)<br \/>\nRafael Ferreira\u00a0 Federal Rural University of Pernambuco, (Brazil)<br \/>\nRafael Torchelsen\u00a0 Universidade Federal da Fronteira Sul, (Brazil)<br \/>\nRamon\u00a0 Pino Perez,\u00a0 Universidad de Los Andes\u00a0\u00a0 (Venezuela)<br \/>\nRene\u00a0 Venegas Velasquez,\u00a0\u00a0 Pontificia Universidad Cat\u00f3lica de Valpara\u00edso\u00a0\u00a0 (Chile)<br \/>\nRicardo\u00a0 Rodriguez,\u00a0 Universidad de Buenos Aires\u00a0\u00a0 (Argentina)<br \/>\nRodrigo\u00a0 Verschae,\u00a0 Kyoto University\u00a0\u00a0 (Japan)<br \/>\nRodrigo\u00a0 Wilkens,\u00a0 UCL\u00a0\u00a0 (Belgium)<br \/>\nRoman\u00a0 Bart\u00e1k,\u00a0 Charles University\u00a0\u00a0 (Czech Republic)<br \/>\nRosa\u00a0 Vicari,\u00a0 Universidade Federal do Rio Grande do Sul\u00a0\u00a0 (Brazil)<br \/>\nRosario\u00a0 Girardi,\u00a0 UFMA\u00a0\u00a0 (Brazil)<br \/>\nSara Candeias\u00a0 Microsoft, (Portugal)<br \/>\nSebasti\u00e1n\u00a0 Perez,\u00a0 Universidad Tecnol\u00f3gica Nacional, Facultad Regional Mendoza\u00a0\u00a0 (Argentina)<br \/>\nSergio Alejandro\u00a0 Gomez,\u00a0 Universidad Nacional del Sur\u00a0\u00a0 (Argentina)<br \/>\nSilvio\u00a0 Cordeiro,\u00a0 Aix-Marseille University\u00a0\u00a0 (France)<br \/>\nTed\u00a0 Pedersen,\u00a0 University of Minnesota\u00a0\u00a0 (USA)<br \/>\nThiago\u00a0 Pardo,\u00a0 Universidade de S\u00e3o Paulo\u00a0\u00a0 (Brazil)<br \/>\nVanina\u00a0 Martinez,\u00a0 Inst. de Ciencias e Ing. de la Computaci\u00f3n, CONICET-Univ. Nacional del Sur,\u00a0 Bahia Blanca\u00a0 (Argentina)<br \/>\nVera L\u00facia\u00a0 Strube de Lima,\u00a0 Independent\u00a0\u00a0 (Brazil)<br \/>\nVicente\u00a0 Julian,\u00a0 Universitat Polit\u00e8cnica de Val\u00e8ncia\u00a0\u00a0 (Spain)<br \/>\nVicente\u00a0 Matellan,\u00a0 University of Leon\u00a0\u00a0 (Spain)<br \/>\nVishwanathan Mohan\u00a0 University of Essex, (UK)<br \/>\nVitor\u00a0 Jorge Universidade Federal do Rio Grande do Sul, (Brazil)<br \/>\nViviane\u00a0 Silva,\u00a0 IBM\u00a0\u00a0 (Brazil)<br \/>\nWaldo\u00a0 Hasperu\u00e9,\u00a0 III-LIDI Facultad de Inform\u00e1tica UNLP\u00a0\u00a0 (Argentina)<br \/>\nWilker Aziz\u00a0 University of Amsterdam, (The Netherlands)<\/p>\n<hr \/>\n","protected":false},"excerpt":{"rendered":"<p>General Chair: Prof. Guillermo R. Simari (Universidad Nacional del Sur, Argentina). Vice-Chair: Prof. Eduardo Ferm\u00e9 (Universidade da Madeira, Portugal). Contact: cp-iberamia@iberamia.org Areas and\u00a0 Area Chairs: Knowledge Representation and Reasoning, ,Reasoning under Uncertainty Eduardo Ferm\u00e9 (Universidade da Madeira, Portugal). Multiagent Systems, Game Theory and Economic Paradigms, Game Playing and Interactive Entertainment, Ambient Intelligence. Paulo Novais (Universidade do Minho, Portugal) Machine Learning Methods, Machine Learning Applications, Cognitive Modeling, Cognitive Systems Marcelo Luis&hellip; <\/p>\n","protected":false},"author":1,"featured_media":0,"parent":0,"menu_order":0,"comment_status":"closed","ping_status":"closed","template":"layouts\/page-fullwidth.php","meta":{"footnotes":""},"class_list":["post-86","page","type-page","status-publish","hentry"],"_links":{"self":[{"href":"https:\/\/www.iberamia.org\/iberamia\/iberamia2018\/wp-json\/wp\/v2\/pages\/86","targetHints":{"allow":["GET"]}}],"collection":[{"href":"https:\/\/www.iberamia.org\/iberamia\/iberamia2018\/wp-json\/wp\/v2\/pages"}],"about":[{"href":"https:\/\/www.iberamia.org\/iberamia\/iberamia2018\/wp-json\/wp\/v2\/types\/page"}],"author":[{"embeddable":true,"href":"https:\/\/www.iberamia.org\/iberamia\/iberamia2018\/wp-json\/wp\/v2\/users\/1"}],"replies":[{"embeddable":true,"href":"https:\/\/www.iberamia.org\/iberamia\/iberamia2018\/wp-json\/wp\/v2\/comments?post=86"}],"version-history":[{"count":0,"href":"https:\/\/www.iberamia.org\/iberamia\/iberamia2018\/wp-json\/wp\/v2\/pages\/86\/revisions"}],"wp:attachment":[{"href":"https:\/\/www.iberamia.org\/iberamia\/iberamia2018\/wp-json\/wp\/v2\/media?parent=86"}],"curies":[{"name":"wp","href":"https:\/\/api.w.org\/{rel}","templated":true}]}}